(105428,6481,NULL,'2021-10-01 00:00:01',77423.00,NULL,74976.11,NULL,'Vencimiento de Cash Back',NULL,2,NULL,NULL,NULL,NULL,NULL,'2021-10-01 07:00:01'),(105429,1850,NULL,'2021-10-01 00:00:01',8226.00,NULL,423.02,NULL,'Vencimiento de Cash Back',NULL,2,NULL,NULL,NULL,NULL,NULL,'2021-10-01 07:00:01'),(105430,5893,NULL,'2021-10-01 00:00:01',6865.00,NULL,4234.45,NULL,'Vencimiento de Cash Back',NULL,2,NULL,NULL,NULL,NULL,NULL,'2021-10-01 07:00:01'),(105431,9613,NULL,'2021-10-01 00:00:01',439.00,NULL,76672.80,NULL,'Vencimiento de Cash Back',NULL,2,NULL,NULL,NULL,NULL,NULL,'2021-10-01 07:00:01'),(105432,7002,NULL,'2021-10-01 00:00:01',0.00,NULL,0.00,NULL,'Vencimiento de Cash Back',NULL,2,NULL,NULL,NULL,NULL,NULL,'2021-10-01 07:00:01'),(105433,955,NULL,'2021-10-01 00:00:01',22237.00,NULL,27585.20,NULL,'Vencimiento de Cash Back',NULL,2,NULL,NULL,NULL,NULL,NULL,'2021-10-01 07:00:01'),(105434,7881,NULL,'2021-10-01 00:00:01',0.00,NULL,0.00,NULL,'Vencimiento de Cash Back',NULL,2,NULL,NULL,NULL,NULL,NULL,'2021-10-01 07:00:01'),(105435,1455,NULL,'2021-10-01 00:00:01',17488.00,NULL,29994.03,NULL,'Vencimiento de Cash Back',NULL,2,NULL,NULL,NULL,NULL,NULL,'2021-10-01 07:00:01'),(105436,6297,NULL,'2021-10-01 00:00:01',3260.00,NULL,5750.42,NULL,'Vencimiento de Cash Back',NULL,2,NULL,NULL,NULL,NULL,NULL,'2021-10-01 07:00:01'),(105437,9333,NULL,'2021-10-01 00:00:01',9024.00,NULL,49673.00,NULL,'Vencimiento de Cash Back',NULL,2,NULL,NULL,NULL,NULL,NULL,'2021-10-01 07:00:01'),(105438,2428,NULL,'2021-10-01 00:00:01',9236.00,NULL,59.78,NULL,'Vencimiento de Cash Back',NULL,2,NULL,NULL,NULL,NULL,NULL,'2021-10-01 07:00:01'),(105439,649,NULL,'2021-10-01 00:00:01',16411.00,NULL,116182.97,NULL,'Vencimiento de Cash Back',NULL,2,NULL,NULL,NULL,NULL,NULL,'2021-10-01 07:00:01'),(105440,6149,NULL,'2021-10-01 00:00:01',47926.00,NULL,0.02,NULL,'Vencimiento de Cash Back',NULL,2,NULL,NULL,NULL,NULL,NULL,'2021-10-01 07:00:01'),(105441,4164,NULL,'2021-10-01 00:00:01',6301.00,NULL,26274.76,NULL,'Vencimiento de Cash Back',NULL,2,NULL,NULL,NULL,NULL,NULL,'2021-10-01 07:00:01'),(105442,6713,NULL,'2021-10-01 00:00:01',358.00,NULL,5596.87,NULL,'Vencimiento de Cash Back',NULL,2,NULL,NULL,NULL,NULL,NULL,'2021-10-01 07:00:01'),(105443,11088,NULL,'2021-10-01 00:00:01',5260.00,NULL,32.16,NULL,'Vencimiento de Cash Back',NULL,2,NULL,NULL,NULL,NULL,NULL,'2021-10-01 07:00:01'),(105444,664,NULL,'2021-10-01 00:00:01',3455.00,NULL,15953.90,NULL,'Vencimiento de Cash Back',NULL,2,NULL,NULL,NULL,NULL,NULL,'2021-10-01 07:00:01'),(105445,2842,NULL,'2021-10-01 00:00:01',9070.00,NULL,0.37,NULL,'Vencimiento de Cash Back',NULL,2,NULL,NULL,NULL,NULL,NULL,'2021-10-01 07:00:01'),(105446,12433,NULL,'2021-10-01 00:00:01',5429.00,NULL,29544.57,NULL,'Vencimiento de Cash Back',NULL,2,NULL,NULL,NULL,NULL,NULL,'2021-10-01 07:00:01'),(105447,4219,NULL,'2021-10-01 00:00:01',8821.00,NULL,0.14,NULL,'Vencimiento de Cash Back',NULL,2,NULL,NULL,NULL,NULL,NULL,'2021-10-01 07:00:01'),(105448,3354,NULL,'2021-10-01 00:00:01',8374.00,NULL,35469.79,NULL,'Vencimiento de Cash Back',NULL,2,NULL,NULL,NULL,NULL,NULL,'2021-10-01 07:00:01'),(105449,13082,NULL,'2021-10-01 00:00:01',50000.00,NULL,0.00,NULL,'Vencimiento de Cash Back',NULL,2,NULL,NULL,NULL,NULL,NULL,'2021-10-01 07:00:01'),(105450,13083,NULL,'2021-10-01 00:00:01',50000.00,NULL,0.00,NULL,'Vencimiento de Cash Back',NULL,2,NULL,NULL,NULL,NULL,NULL,'2021-10-01 07:00:01'),(105465,13085,NULL,'2021-10-23 19:16:48',0.00,50000.00,50000.00,NULL,'Loyalty by Enjoy Restaurants, le regala un GiftCard','2022-04-23',1,NULL,NULL,NULL,NULL,NULL,'2021-10-24 01:16:48'),(105466,13086,NULL,'2021-10-23 19:20:07',0.00,50000.00,50000.00,NULL,'Loyalty by Enjoy Restaurants, le regala un GiftCard','2022-04-23',1,NULL,NULL,NULL,NULL,NULL,'2021-10-24 01:20:07'),(105467,13087,NULL,'2021-10-23 19:21:27',0.00,50000.00,50000.00,NULL,'Loyalty by Enjoy Restaurants, le regala un GiftCard','2022-04-23',1,NULL,NULL,NULL,NULL,NULL,'2021-10-24 01:21:27'),(105468,13088,NULL,'2021-10-23 19:23:27',0.00,50000.00,50000.00,NULL,'Loyalty by Enjoy Restaurants, le regala un GiftCard','2022-04-23',1,NULL,NULL,NULL,NULL,NULL,'2021-10-24 01:23:27'),(105469,13089,NULL,'2021-10-23 19:25:34',0.00,50000.00,50000.00,NULL,'Loyalty by Enjoy Restaurants, le regala un GiftCard','2022-04-23',1,NULL,NULL,NULL,NULL,NULL,'2021-10-24 01:25:34'),(105470,13090,NULL,'2021-10-23 19:27:01',0.00,50000.00,50000.00,NULL,'Loyalty by Enjoy Restaurants, le regala un GiftCard','2022-04-23',1,NULL,NULL,NULL,NULL,NULL,'2021-10-24 01:27:01'),(105471,13091,NULL,'2021-10-23 19:27:59',0.00,50000.00,50000.00,NULL,'Loyalty by Enjoy Restaurants, le regala un GiftCard','2022-04-23',1,NULL,NULL,NULL,NULL,NULL,'2021-10-24 01:27:59'),(105472,13092,NULL,'2021-10-23 19:30:01',0.00,50000.00,50000.00,NULL,'Loyalty by Enjoy Restaurants, le regala un GiftCard','2022-04-23',1,NULL,NULL,NULL,NULL,NULL,'2021-10-24 01:30:01'),(105473,13093,NULL,'2021-10-30 12:52:36',0.00,25000.00,25000.00,NULL,'Loyalty by Enjoy Restaurants, le regala un GiftCard','2022-04-30',1,NULL,NULL,NULL,NULL,NULL,'2021-10-30 18:52:36'),(105477,13097,NULL,'2021-10-31 15:58:32',0.00,10.00,10.00,NULL,'Loyalty by Enjoy Restaurants, le regala un GiftCard','2022-05-01',1,NULL,NULL,NULL,NULL,NULL,'2021-10-31 21:58:32'),(105478,1221,NULL,'2021-11-01 00:00:01',11813.00,NULL,147601.35,NULL,'Vencimiento de Cash Back',NULL,2,NULL,NULL,NULL,NULL,NULL,'2021-11-01 07:00:01'),(105479,4973,NULL,'2021-11-01 00:00:01',5874.00,NULL,73457.24,NULL,'Vencimiento de Cash Back',NULL,2,NULL,NULL,NULL,NULL,NULL,'2021-11-01 07:00:01'),(105480,893,NULL,'2021-11-01 00:00:01',20444.00,NULL,298465.86,NULL,'Vencimiento de Cash Back',NULL,2,NULL,NULL,NULL,NULL,NULL,'2021-11-01 07:00:01'),(105481,11689,NULL,'2021-11-01 00:00:01',3649.00,NULL,25736.07,NULL,'Vencimiento de Cash Back',NULL,2,NULL,NULL,NULL,NULL,NULL,'2021-11-01 07:00:01'),(105482,9221,NULL,'2021-11-01 00:00:01',43573.00,NULL,71875.02,NULL,'Vencimiento de Cash Back',NULL,2,NULL,NULL,NULL,NULL,NULL,'2021-11-01 07:00:01'),(105483,1482,NULL,'2021-11-01 00:00:01',12375.00,NULL,204917.32,NULL,'Vencimiento de Cash Back',NULL,2,NULL,NULL,NULL,NULL,NULL,'2021-11-01 07:00:01'),(105484,10325,NULL,'2021-11-01 00:00:01',9003.00,NULL,18907.22,NULL,'Vencimiento de Cash Back',NULL,2,NULL,NULL,NULL,NULL,NULL,'2021-11-01 07:00:01'),(105485,5189,NULL,'2021-11-01 00:00:01',5594.00,NULL,56131.91,NULL,'Vencimiento de Cash Back',NULL,2,NULL,NULL,NULL,NULL,NULL,'2021-11-01 07:00:01'),(105486,1561,NULL,'2021-11-01 00:00:01',5488.00,NULL,547.28,NULL,'Vencimiento de Cash Back',NULL,2,NULL,NULL,NULL,NULL,NULL,'2021-11-01 07:00:01'),(105487,653,NULL,'2021-11-01 00:00:01',10954.00,NULL,360819.95,NULL,'Vencimiento de Cash Back',NULL,2,NULL,NULL,NULL,NULL,NULL,'2021-11-01 07:00:01'),(105488,2553,NULL,'2021-11-01 00:00:01',18581.00,NULL,127776.16,NULL,'Vencimiento de Cash Back',NULL,2,NULL,NULL,NULL,NULL,NULL,'2021-11-01 07:00:01'),(105489,1684,NULL,'2021-11-01 00:00:01',21831.00,NULL,44423.08,NULL,'Vencimiento de Cash Back',NULL,2,NULL,NULL,NULL,NULL,NULL,'2021-11-01 07:00:01'),(105490,5382,NULL,'2021-11-01 00:00:01',21690.00,NULL,16311.08,NULL,'Vencimiento de Cash Back',NULL,2,NULL,NULL,NULL,NULL,NULL,'2021-11-01 07:00:01'),(105491,6265,NULL,'2021-11-01 00:00:01',8270.00,NULL,68148.31,NULL,'Vencimiento de Cash Back',NULL,2,NULL,NULL,NULL,NULL,NULL,'2021-11-01 07:00:01'),(105492,3437,NULL,'2021-11-01 00:00:01',1971.00,NULL,88513.97,NULL,'Vencimiento de Cash Back',NULL,2,NULL,NULL,NULL,NULL,NULL,'2021-11-01 07:00:01'),(105493,1705,NULL,'2021-11-01 00:00:01',295.00,NULL,8092.31,NULL,'Vencimiento de Cash Back',NULL,2,NULL,NULL,NULL,NULL,NULL,'2021-11-01 07:00:01'),(105494,1353,NULL,'2021-11-01 00:00:01',1626.00,NULL,20219.62,NULL,'Vencimiento de Cash Back',NULL,2,NULL,NULL,NULL,NULL,NULL,'2021-11-01 07:00:01'),(105495,9333,NULL,'2021-11-01 00:00:01',6647.00,NULL,43026.00,NULL,'Vencimiento de Cash Back',NULL,2,NULL,NULL,NULL,NULL,NULL,'2021-11-01 07:00:01'),(105496,6610,NULL,'2021-11-01 00:00:01',164.00,NULL,94.00,NULL,'Vencimiento de Cash Back',NULL,2,NULL,NULL,NULL,NULL,NULL,'2021-11-01 07:00:01'),(105497,10323,NULL,'2021-11-01 00:00:01',6707.00,NULL,190820.74,NULL,'Vencimiento de Cash Back',NULL,2,NULL,NULL,NULL,NULL,NULL,'2021-11-01 07:00:01'),(105498,3358,NULL,'2021-11-01 00:00:01',25854.00,NULL,13666.26,NULL,'Vencimiento de Cash Back',NULL,2,NULL,NULL,NULL,NULL,NULL,'2021-11-01 07:00:01'),(105499,4230,NULL,'2021-11-01 00:00:01',8073.00,NULL,53.17,NULL,'Vencimiento de Cash Back',NULL,2,NULL,NULL,NULL,NULL,NULL,'2021-11-01 07:00:01'),(105500,881,NULL,'2021-11-01 00:00:01',19285.00,NULL,120950.00,NULL,'Vencimiento de Cash Back',NULL,2,NULL,NULL,NULL,NULL,NULL,'2021-11-01 07:00:01'),(105501,8083,NULL,'2021-11-01 00:00:01',34192.00,NULL,15029.14,NULL,'Vencimiento de Cash Back',NULL,2,NULL,NULL,NULL,NULL,NULL,'2021-11-01 07:00:01'),(105502,762,NULL,'2021-11-01 00:00:01',848.00,NULL,69313.00,NULL,'Vencimiento de Cash Back',NULL,2,NULL,NULL,NULL,NULL,NULL,'2021-11-01 07:00:01'),(105503,2695,NULL,'2021-11-01 00:00:01',5439.00,NULL,0.02,NULL,'Vencimiento de Cash Back',NULL,2,NULL,NULL,NULL,NULL,NULL,'2021-11-01 07:00:01'),(105504,2453,NULL,'2021-11-01 00:00:01',16308.00,NULL,36399.84,NULL,'Vencimiento de Cash Back',NULL,2,NULL,NULL,NULL,NULL,NULL,'2021-11-01 07:00:01'),(105505,771,NULL,'2021-11-01 00:00:01',18396.00,NULL,9579.32,NULL,'Vencimiento de Cash Back',NULL,2,NULL,NULL,NULL,NULL,NULL,'2021-11-01 07:00:01'),(105506,10620,NULL,'2021-11-01 00:00:01',7472.00,NULL,23861.10,NULL,'Vencimiento de Cash Back',NULL,2,NULL,NULL,NULL,NULL,NULL,'2021-11-01 07:00:01'),(105507,1231,NULL,'2021-11-01 00:00:01',6999.00,NULL,17067.52,NULL,'Vencimiento de Cash Back',NULL,2,NULL,NULL,NULL,NULL,NULL,'2021-11-01 07:00:01'),(105508,6459,NULL,'2021-11-01 00:00:01',18863.00,NULL,852.46,NULL,'Vencimiento de Cash Back',NULL,2,NULL,NULL,NULL,NULL,NULL,'2021-11-01 07:00:01'),(105509,2838,NULL,'2021-11-01 00:00:01',6686.00,NULL,16232.59,NULL,'Vencimiento de Cash Back',NULL,2,NULL,NULL,NULL,NULL,NULL,'2021-11-01 07:00:01'),(105510,6801,NULL,'2021-11-01 00:00:01',56381.00,NULL,79.75,NULL,'Vencimiento de Cash Back',NULL,2,NULL,NULL,NULL,NULL,NULL,'2021-11-01 07:00:01'),(105511,11380,NULL,'2021-11-01 00:00:01',1260.00,NULL,7707.08,NULL,'Vencimiento de Cash Back',NULL,2,NULL,NULL,NULL,NULL,NULL,'2021-11-01 07:00:01'),(105512,1585,NULL,'2021-11-01 00:00:01',8394.00,NULL,18459.36,NULL,'Vencimiento de Cash Back',NULL,2,NULL,NULL,NULL,NULL,NULL,'2021-11-01 07:00:01'),(105513,2363,NULL,'2021-11-01 00:00:01',5685.00,NULL,578.54,NULL,'Vencimiento de Cash Back',NULL,2,NULL,NULL,NULL,NULL,NULL,'2021-11-01 07:00:01'),(105514,5582,NULL,'2021-11-01 00:00:01',9329.00,NULL,38708.40,NULL,'Vencimiento de Cash Back',NULL,2,NULL,NULL,NULL,NULL,NULL,'2021-11-01 07:00:01'),(105515,878,NULL,'2021-11-01 00:00:01',34769.00,NULL,14210.67,NULL,'Vencimiento de Cash Back',NULL,2,NULL,NULL,NULL,NULL,NULL,'2021-11-01 07:00:01'),(105516,2679,NULL,'2021-11-01 00:00:01',16415.00,NULL,8645.97,NULL,'Vencimiento de Cash Back',NULL,2,NULL,NULL,NULL,NULL,NULL,'2021-11-01 07:00:01'),(105517,3487,NULL,'2021-11-01 00:00:01',18579.00,NULL,0.27,NULL,'Vencimiento de Cash Back',NULL,2,NULL,NULL,NULL,NULL,NULL,'2021-11-01 07:00:01'),(105518,6232,NULL,'2021-11-01 00:00:01',11435.00,NULL,60626.38,NULL,'Vencimiento de Cash Back',NULL,2,NULL,NULL,NULL,NULL,NULL,'2021-11-01 07:00:01'),(105519,1232,NULL,'2021-11-01 00:00:01',6860.00,NULL,31920.54,NULL,'Vencimiento de Cash Back',NULL,2,NULL,NULL,NULL,NULL,NULL,'2021-11-01 07:00:01'),(105520,1222,NULL,'2021-11-01 00:00:01',12541.00,NULL,21881.84,NULL,'Vencimiento de Cash Back',NULL,2,NULL,NULL,NULL,NULL,NULL,'2021-11-01 07:00:01'),(105521,11376,NULL,'2021-11-01 00:00:01',0.00,NULL,0.00,NULL,'Vencimiento de Cash Back',NULL,2,NULL,NULL,NULL,NULL,NULL,'2021-11-01 07:00:01'),(105522,2996,NULL,'2021-11-01 00:00:01',31154.00,NULL,45796.48,NULL,'Vencimiento de Cash Back',NULL,2,NULL,NULL,NULL,NULL,NULL,'2021-11-01 07:00:01'),(105523,5447,NULL,'2021-11-01 00:00:01',35935.00,NULL,7201.18,NULL,'Vencimiento de Cash Back',NULL,2,NULL,NULL,NULL,NULL,NULL,'2021-11-01 07:00:01'),(105524,9614,NULL,'2021-11-01 00:00:01',9755.00,NULL,75974.63,NULL,'Vencimiento de Cash Back',NULL,2,NULL,NULL,NULL,NULL,NULL,'2021-11-01 07:00:01'),(105525,5290,NULL,'2021-11-01 00:00:01',5943.00,NULL,5382.09,NULL,'Vencimiento de Cash Back',NULL,2,NULL,NULL,NULL,NULL,NULL,'2021-11-01 07:00:01'),(105526,5156,NULL,'2021-11-01 00:00:01',21000.00,NULL,217.00,NULL,'Vencimiento de Cash Back',NULL,2,NULL,NULL,NULL,NULL,NULL,'2021-11-01 07:00:01'),(105527,6618,NULL,'2021-11-01 00:00:01',5028.00,NULL,13656.55,NULL,'Vencimiento de Cash Back',NULL,2,NULL,NULL,NULL,NULL,NULL,'2021-11-01 07:00:01'),(105528,4010,NULL,'2021-11-01 00:00:01',3538.00,NULL,135225.27,NULL,'Vencimiento de Cash Back',NULL,2,NULL,NULL,NULL,NULL,NULL,'2021-11-01 07:00:01'),(105529,2523,NULL,'2021-11-01 00:00:01',5467.00,NULL,17593.75,NULL,'Vencimiento de Cash Back',NULL,2,NULL,NULL,NULL,NULL,NULL,'2021-11-01 07:00:01'),(105530,2812,NULL,'2021-11-01 00:00:01',25030.00,NULL,41748.59,NULL,'Vencimiento de Cash Back',NULL,2,NULL,NULL,NULL,NULL,NULL,'2021-11-01 07:00:01'),(105531,4909,NULL,'2021-11-01 00:00:01',15896.00,NULL,35268.68,NULL,'Vencimiento de Cash Back',NULL,2,NULL,NULL,NULL,NULL,NULL,'2021-11-01 07:00:01'),(105532,12848,NULL,'2021-11-01 00:00:01',0.00,NULL,0.00,NULL,'Vencimiento de Cash Back',NULL,2,NULL,NULL,NULL,NULL,NULL,'2021-11-01 07:00:01'),(105533,1668,NULL,'2021-11-01 00:00:01',0.00,NULL,0.00,NULL,'Vencimiento de Cash Back',NULL,2,NULL,NULL,NULL,NULL,NULL,'2021-11-01 07:00:01'),(105534,9833,NULL,'2021-11-01 00:00:01',7665.00,NULL,26052.65,NULL,'Vencimiento de Cash Back',NULL,2,NULL,NULL,NULL,NULL,NULL,'2021-11-01 07:00:01'),(105535,3235,NULL,'2021-11-01 00:00:01',0.00,NULL,0.00,NULL,'Vencimiento de Cash Back',NULL,2,NULL,NULL,NULL,NULL,NULL,'2021-11-01 07:00:01'),(105536,1153,NULL,'2021-11-01 00:00:01',16646.00,NULL,86.34,NULL,'Vencimiento de Cash Back',NULL,2,NULL,NULL,NULL,NULL,NULL,'2021-11-01 07:00:01'),(105537,951,NULL,'2021-11-01 00:00:01',617.00,NULL,28275.03,NULL,'Vencimiento de Cash Back',NULL,2,NULL,NULL,NULL,NULL,NULL,'2021-11-01 07:00:01'),(105538,11182,NULL,'2021-11-01 00:00:01',5919.00,NULL,12112.32,NULL,'Vencimiento de Cash Back',NULL,2,NULL,NULL,NULL,NULL,NULL,'2021-11-01 07:00:01'),(105539,1054,NULL,'2021-11-01 00:00:01',1203.00,NULL,5122.22,NULL,'Vencimiento de Cash Back',NULL,2,NULL,NULL,NULL,NULL,NULL,'2021-11-01 07:00:01'),(105540,11534,NULL,'2021-11-01 00:00:01',7211.00,NULL,216871.19,NULL,'Vencimiento de Cash Back',NULL,2,NULL,NULL,NULL,NULL,NULL,'2021-11-01 07:00:01'),(105541,10340,NULL,'2021-11-01 00:00:01',7340.00,NULL,5019.59,NULL,'Vencimiento de Cash Back',NULL,2,NULL,NULL,NULL,NULL,NULL,'2021-11-01 07:00:01'),(105542,6633,NULL,'2021-11-01 00:00:01',8997.00,NULL,0.19,NULL,'Vencimiento de Cash Back',NULL,2,NULL,NULL,NULL,NULL,NULL,'2021-11-01 07:00:01'),(105543,2682,NULL,'2021-11-01 00:00:01',167.00,NULL,18739.46,NULL,'Vencimiento de Cash Back',NULL,2,NULL,NULL,NULL,NULL,NULL,'2021-11-01 07:00:01'),(105544,3515,NULL,'2021-11-01 00:00:01',1517.00,NULL,60758.06,NULL,'Vencimiento de Cash Back',NULL,2,NULL,NULL,NULL,NULL,NULL,'2021-11-01 07:00:01'),(105545,12339,NULL,'2021-11-01 00:00:01',20249.00,NULL,55772.33,NULL,'Vencimiento de Cash Back',NULL,2,NULL,NULL,NULL,NULL,NULL,'2021-11-01 07:00:01'),(105546,12479,NULL,'2021-11-01 00:00:01',3154.00,NULL,6292.83,NULL,'Vencimiento de Cash Back',NULL,2,NULL,NULL,NULL,NULL,NULL,'2021-11-01 07:00:01'),(105547,11267,NULL,'2021-11-01 00:00:01',3594.00,NULL,389.95,NULL,'Vencimiento de Cash Back',NULL,2,NULL,NULL,NULL,NULL,NULL,'2021-11-01 07:00:01'),(105548,4640,NULL,'2021-11-01 00:00:01',7234.00,NULL,17339.39,NULL,'Vencimiento de Cash Back',NULL,2,NULL,NULL,NULL,NULL,NULL,'2021-11-01 07:00:01'),(105549,1633,NULL,'2021-11-01 00:00:01',9007.00,NULL,112824.10,NULL,'Vencimiento de Cash Back',NULL,2,NULL,NULL,NULL,NULL,NULL,'2021-11-01 07:00:01'),(105550,9412,NULL,'2021-11-01 00:00:01',5058.00,NULL,368.72,NULL,'Vencimiento de Cash Back',NULL,2,NULL,NULL,NULL,NULL,NULL,'2021-11-01 07:00:01'),(105551,3641,NULL,'2021-11-01 00:00:01',5161.00,NULL,21101.57,NULL,'Vencimiento de Cash Back',NULL,2,NULL,NULL,NULL,NULL,NULL,'2021-11-01 07:00:01'),(105552,3106,NULL,'2021-11-01 00:00:01',0.00,NULL,0.00,NULL,'Vencimiento de Cash Back',NULL,2,NULL,NULL,NULL,NULL,NULL,'2021-11-01 07:00:01'),(105553,3690,NULL,'2021-11-01 00:00:01',6438.00,NULL,17736.24,NULL,'Vencimiento de Cash Back',NULL,2,NULL,NULL,NULL,NULL,NULL,'2021-11-01 07:00:01'),(105554,3239,NULL,'2021-11-01 00:00:01',17098.00,NULL,589.56,NULL,'Vencimiento de Cash Back',NULL,2,NULL,NULL,NULL,NULL,NULL,'2021-11-01 07:00:01'),(105555,3271,NULL,'2021-11-01 00:00:01',6024.00,NULL,7368.93,NULL,'Vencimiento de Cash Back',NULL,2,NULL,NULL,NULL,NULL,NULL,'2021-11-01 07:00:01'),(105556,12139,NULL,'2021-11-01 00:00:01',370.00,NULL,5620.87,NULL,'Vencimiento de Cash Back',NULL,2,NULL,NULL,NULL,NULL,NULL,'2021-11-01 07:00:01'),(105605,13098,NULL,'2021-11-08 14:27:59',0.00,1000.00,1000.00,NULL,'Loyalty by Enjoy Restaurants, le regala un GiftCard','2022-05-08',1,NULL,NULL,NULL,NULL,NULL,'2021-11-08 20:27:59'),(105606,13099,NULL,'2021-11-08 14:35:25',0.00,1000.00,1000.00,NULL,'Loyalty by Enjoy Restaurants, le regala un GiftCard','2022-05-08',1,NULL,NULL,NULL,NULL,NULL,'2021-11-08 20:35:25'),(105607,13100,NULL,'2021-11-08 14:48:32',0.00,1000.00,1000.00,NULL,'Loyalty by Enjoy Restaurants, le regala un GiftCard','2022-05-08',1,NULL,NULL,NULL,NULL,NULL,'2021-11-08 20:48:32'),(105608,13101,NULL,'2021-11-08 14:49:46',0.00,1000.00,1000.00,NULL,'Loyalty by Enjoy Restaurants, le regala un GiftCard','2022-05-08',1,NULL,NULL,NULL,NULL,NULL,'2021-11-08 20:49:46'),(105609,12188,NULL,'2021-12-01 00:00:01',0.00,NULL,0.00,NULL,'Vencimiento de Cash Back',NULL,2,NULL,NULL,NULL,NULL,NULL,'2021-12-01 07:00:01'),(105610,4586,NULL,'2021-12-01 00:00:01',7971.00,NULL,14792.91,NULL,'Vencimiento de Cash Back',NULL,2,NULL,NULL,NULL,NULL,NULL,'2021-12-01 07:00:01'),(105611,7019,NULL,'2021-12-01 00:00:01',7569.00,NULL,92294.76,NULL,'Vencimiento de Cash Back',NULL,2,NULL,NULL,NULL,NULL,NULL,'2021-12-01 07:00:01'),(105612,1647,NULL,'2021-12-01 00:00:01',19220.00,NULL,13874.31,NULL,'Vencimiento de Cash Back',NULL,2,NULL,NULL,NULL,NULL,NULL,'2021-12-01 07:00:01'),(105613,5887,NULL,'2021-12-01 00:00:01',5059.00,NULL,92891.69,NULL,'Vencimiento de Cash Back',NULL,2,NULL,NULL,NULL,NULL,NULL,'2021-12-01 07:00:01'),(105614,587,NULL,'2021-12-01 00:00:01',5598.00,NULL,219311.37,NULL,'Vencimiento de Cash Back',NULL,2,NULL,NULL,NULL,NULL,NULL,'2021-12-01 07:00:01'),(105615,2482,NULL,'2021-12-01 00:00:01',22370.00,NULL,169590.00,NULL,'Vencimiento de Cash Back',NULL,2,NULL,NULL,NULL,NULL,NULL,'2021-12-01 07:00:01'),(105616,1482,NULL,'2021-12-01 00:00:01',17703.00,NULL,187214.32,NULL,'Vencimiento de Cash Back',NULL,2,NULL,NULL,NULL,NULL,NULL,'2021-12-01 07:00:01'),(105617,3345,NULL,'2021-12-01 00:00:01',571.00,NULL,18913.29,NULL,'Vencimiento de Cash Back',NULL,2,NULL,NULL,NULL,NULL,NULL,'2021-12-01 07:00:01'),(105618,653,NULL,'2021-12-01 00:00:01',202.00,NULL,360617.95,NULL,'Vencimiento de Cash Back',NULL,2,NULL,NULL,NULL,NULL,NULL,'2021-12-01 07:00:01'),(105619,971,NULL,'2021-12-01 00:00:01',17072.00,NULL,909021.36,NULL,'Vencimiento de Cash Back',NULL,2,NULL,NULL,NULL,NULL,NULL,'2021-12-01 07:00:01'),(105620,2553,NULL,'2021-12-01 00:00:01',9302.00,NULL,118474.16,NULL,'Vencimiento de Cash Back',NULL,2,NULL,NULL,NULL,NULL,NULL,'2021-12-01 07:00:01'),(105621,4138,NULL,'2021-12-01 00:00:01',7268.00,NULL,20535.56,NULL,'Vencimiento de Cash Back',NULL,2,NULL,NULL,NULL,NULL,NULL,'2021-12-01 07:00:01'),(105622,2523,NULL,'2021-12-01 00:00:01',10362.00,NULL,7231.75,NULL,'Vencimiento de Cash Back',NULL,2,NULL,NULL,NULL,NULL,NULL,'2021-12-01 07:00:01'),(105623,4909,NULL,'2021-12-01 00:00:01',19372.00,NULL,15896.68,NULL,'Vencimiento de Cash Back',NULL,2,NULL,NULL,NULL,NULL,NULL,'2021-12-01 07:00:01'),(105624,2682,NULL,'2021-12-01 00:00:01',17774.00,NULL,965.46,NULL,'Vencimiento de Cash Back',NULL,2,NULL,NULL,NULL,NULL,NULL,'2021-12-01 07:00:01'),(105625,1633,NULL,'2021-12-01 00:00:01',139.00,NULL,112685.10,NULL,'Vencimiento de Cash Back',NULL,2,NULL,NULL,NULL,NULL,NULL,'2021-12-01 07:00:01'),(105626,11562,NULL,'2021-12-01 00:00:01',0.00,NULL,0.00,NULL,'Vencimiento de Cash Back',NULL,2,NULL,NULL,NULL,NULL,NULL,'2021-12-01 07:00:01'),(105627,11548,NULL,'2021-12-01 00:00:01',6850.00,NULL,34589.79,NULL,'Vencimiento de Cash Back',NULL,2,NULL,NULL,NULL,NULL,NULL,'2021-12-01 07:00:01'),(105628,5078,NULL,'2021-12-01 00:00:01',8512.00,NULL,98.20,NULL,'Vencimiento de Cash Back',NULL,2,NULL,NULL,NULL,NULL,NULL,'2021-12-01 07:00:01'),(105629,2392,NULL,'2021-12-01 00:00:01',30553.00,NULL,19203.49,NULL,'Vencimiento de Cash Back',NULL,2,NULL,NULL,NULL,NULL,NULL,'2021-12-01 07:00:01'),(105630,5816,NULL,'2021-12-01 00:00:01',5608.00,NULL,66592.75,NULL,'Vencimiento de Cash Back',NULL,2,NULL,NULL,NULL,NULL,NULL,'2021-12-01 07:00:01'),(105631,8952,NULL,'2021-12-01 00:00:01',66.00,NULL,6336.96,NULL,'Vencimiento de Cash Back',NULL,2,NULL,NULL,NULL,NULL,NULL,'2021-12-01 07:00:01'),(105632,8245,NULL,'2021-12-01 00:00:01',37219.00,NULL,45196.89,NULL,'Vencimiento de Cash Back',NULL,2,NULL,NULL,NULL,NULL,NULL,'2021-12-01 07:00:01'),(105633,11031,NULL,'2021-12-01 00:00:01',6732.00,NULL,5936.95,NULL,'Vencimiento de Cash Back',NULL,2,NULL,NULL,NULL,NULL,NULL,'2021-12-01 07:00:01'),(105634,1033,NULL,'2021-12-01 00:00:01',9837.00,NULL,47560.78,NULL,'Vencimiento de Cash Back',NULL,2,NULL,NULL,NULL,NULL,NULL,'2021-12-01 07:00:01'),(105635,3402,NULL,'2021-12-01 00:00:01',5512.00,NULL,0.20,NULL,'Vencimiento de Cash Back',NULL,2,NULL,NULL,NULL,NULL,NULL,'2021-12-01 07:00:01'),(105636,4164,NULL,'2021-12-01 00:00:01',10175.00,NULL,16099.76,NULL,'Vencimiento de Cash Back',NULL,2,NULL,NULL,NULL,NULL,NULL,'2021-12-01 07:00:01'),(105637,633,NULL,'2021-12-01 00:00:01',21012.00,NULL,90504.53,NULL,'Vencimiento de Cash Back',NULL,2,NULL,NULL,NULL,NULL,NULL,'2021-12-01 07:00:01'),(105638,7936,NULL,'2021-12-01 00:00:01',532.00,NULL,59408.46,NULL,'Vencimiento de Cash Back',NULL,2,NULL,NULL,NULL,NULL,NULL,'2021-12-01 07:00:01'),(105639,3170,NULL,'2021-12-01 00:00:01',35995.00,NULL,17423.34,NULL,'Vencimiento de Cash Back',NULL,2,NULL,NULL,NULL,NULL,NULL,'2021-12-01 07:00:01'),(105640,4383,NULL,'2021-12-01 00:00:01',7894.00,NULL,12249.31,NULL,'Vencimiento de Cash Back',NULL,2,NULL,NULL,NULL,NULL,NULL,'2021-12-01 07:00:01'),(105641,609,NULL,'2021-12-01 00:00:01',3692.00,NULL,54818.23,NULL,'Vencimiento de Cash Back',NULL,2,NULL,NULL,NULL,NULL,NULL,'2021-12-01 07:00:01'),(105642,11788,NULL,'2021-12-01 00:00:01',8214.00,NULL,6035.29,NULL,'Vencimiento de Cash Back',NULL,2,NULL,NULL,NULL,NULL,NULL,'2021-12-01 07:00:01'),(105643,3626,NULL,'2021-12-01 00:00:01',33248.00,NULL,31609.57,NULL,'Vencimiento de Cash Back',NULL,2,NULL,NULL,NULL,NULL,NULL,'2021-12-01 07:00:01'),(105644,614,NULL,'2021-12-01 00:00:01',57496.00,NULL,124954.34,NULL,'Vencimiento de Cash Back',NULL,2,NULL,NULL,NULL,NULL,NULL,'2021-12-01 07:00:01'),(105645,1840,NULL,'2021-12-01 00:00:01',5301.00,NULL,24990.04,NULL,'Vencimiento de Cash Back',NULL,2,NULL,NULL,NULL,NULL,NULL,'2021-12-01 07:00:01'),(105646,10966,NULL,'2021-12-01 00:00:01',16408.00,NULL,162.45,NULL,'Vencimiento de Cash Back',NULL,2,NULL,NULL,NULL,NULL,NULL,'2021-12-01 07:00:01'),(105647,10578,NULL,'2021-12-01 00:00:01',5207.00,NULL,6152.72,NULL,'Vencimiento de Cash Back',NULL,2,NULL,NULL,NULL,NULL,NULL,'2021-12-01 07:00:01'),(105648,2855,NULL,'2021-12-01 00:00:01',9542.00,NULL,0.04,NULL,'Vencimiento de Cash Back',NULL,2,NULL,NULL,NULL,NULL,NULL,'2021-12-01 07:00:01'),(105649,788,NULL,'2021-12-01 00:00:01',18110.00,NULL,16279.89,NULL,'Vencimiento de Cash Back',NULL,2,NULL,NULL,NULL,NULL,NULL,'2021-12-01 07:00:01'),(105650,12433,NULL,'2021-12-01 00:00:01',3847.00,NULL,25697.57,NULL,'Vencimiento de Cash Back',NULL,2,NULL,NULL,NULL,NULL,NULL,'2021-12-01 07:00:01'),(105651,774,NULL,'2021-12-01 00:00:01',6496.00,NULL,32087.15,NULL,'Vencimiento de Cash Back',NULL,2,NULL,NULL,NULL,NULL,NULL,'2021-12-01 07:00:01'),(105652,1614,NULL,'2021-12-01 00:00:01',5402.00,NULL,8598.72,NULL,'Vencimiento de Cash Back',NULL,2,NULL,NULL,NULL,NULL,NULL,'2021-12-01 07:00:01'),(105653,2379,NULL,'2021-12-01 00:00:01',5642.00,NULL,92107.75,NULL,'Vencimiento de Cash Back',NULL,2,NULL,NULL,NULL,NULL,NULL,'2021-12-01 07:00:01'),(105654,5724,NULL,'2021-12-01 00:00:01',2175.00,NULL,39015.97,NULL,'Vencimiento de Cash Back',NULL,2,NULL,NULL,NULL,NULL,NULL,'2021-12-01 07:00:01'),(105655,2376,NULL,'2021-12-01 00:00:01',52076.00,NULL,45695.24,NULL,'Vencimiento de Cash Back',NULL,2,NULL,NULL,NULL,NULL,NULL,'2021-12-01 07:00:01'),(105656,12884,NULL,'2021-12-01 00:00:01',6154.00,NULL,5732.18,NULL,'Vencimiento de Cash Back',NULL,2,NULL,NULL,NULL,NULL,NULL,'2021-12-01 07:00:01'),(105657,5017,NULL,'2021-12-01 00:00:01',6158.00,NULL,6084.46,NULL,'Vencimiento de Cash Back',NULL,2,NULL,NULL,NULL,NULL,NULL,'2021-12-01 07:00:01'),(105658,11475,NULL,'2021-12-01 00:00:01',8941.00,NULL,5909.07,NULL,'Vencimiento de Cash Back',NULL,2,NULL,NULL,NULL,NULL,NULL,'2021-12-01 07:00:01'),(105659,2656,NULL,'2021-12-01 00:00:01',6740.00,NULL,6956.24,NULL,'Vencimiento de Cash Back',NULL,2,NULL,NULL,NULL,NULL,NULL,'2021-12-01 07:00:01'),(105660,1642,NULL,'2021-12-01 00:00:01',5634.00,NULL,22350.10,NULL,'Vencimiento de Cash Back',NULL,2,NULL,NULL,NULL,NULL,NULL,'2021-12-01 07:00:01'),(105661,1050,NULL,'2021-12-01 00:00:01',5059.00,NULL,179913.12,NULL,'Vencimiento de Cash Back',NULL,2,NULL,NULL,NULL,NULL,NULL,'2021-12-01 07:00:01'),(105662,621,NULL,'2021-12-01 00:00:01',9651.00,NULL,45292.01,NULL,'Vencimiento de Cash Back',NULL,2,NULL,NULL,NULL,NULL,NULL,'2021-12-01 07:00:01'),(105663,4239,NULL,'2021-12-01 00:00:01',8260.00,NULL,7935.12,NULL,'Vencimiento de Cash Back',NULL,2,NULL,NULL,NULL,NULL,NULL,'2021-12-01 07:00:01'),(105664,10882,NULL,'2021-12-01 00:00:01',0.00,NULL,0.00,NULL,'Vencimiento de Cash Back',NULL,2,NULL,NULL,NULL,NULL,NULL,'2021-12-01 07:00:01'),(105665,2606,NULL,'2021-12-01 00:00:01',16220.00,NULL,396.58,NULL,'Vencimiento de Cash Back',NULL,2,NULL,NULL,NULL,NULL,NULL,'2021-12-01 07:00:01'),(105666,1469,NULL,'2021-12-01 00:00:01',20409.00,NULL,195678.44,NULL,'Vencimiento de Cash Back',NULL,2,NULL,NULL,NULL,NULL,NULL,'2021-12-01 07:00:01'),(105667,10226,NULL,'2021-12-01 00:00:01',5281.00,NULL,6130.10,NULL,'Vencimiento de Cash Back',NULL,2,NULL,NULL,NULL,NULL,NULL,'2021-12-01 07:00:01'),(105668,1749,NULL,'2021-12-01 00:00:01',6341.00,NULL,18916.24,NULL,'Vencimiento de Cash Back',NULL,2,NULL,NULL,NULL,NULL,NULL,'2021-12-01 07:00:01'),(105669,12870,NULL,'2021-12-01 00:00:01',638.00,NULL,7835.77,NULL,'Vencimiento de Cash Back',NULL,2,NULL,NULL,NULL,NULL,NULL,'2021-12-01 07:00:01'),(105670,11238,NULL,'2021-12-01 00:00:01',6512.00,NULL,753.14,NULL,'Vencimiento de Cash Back',NULL,2,NULL,NULL,NULL,NULL,NULL,'2021-12-01 07:00:01'),(105671,9617,NULL,'2021-12-01 00:00:01',9181.00,NULL,11801.88,NULL,'Vencimiento de Cash Back',NULL,2,NULL,NULL,NULL,NULL,NULL,'2021-12-01 07:00:01'),(105672,5274,NULL,'2021-12-01 00:00:01',21568.00,NULL,68410.20,NULL,'Vencimiento de Cash Back',NULL,2,NULL,NULL,NULL,NULL,NULL,'2021-12-01 07:00:01'),(105673,10937,NULL,'2021-12-01 00:00:01',5130.00,NULL,958.08,NULL,'Vencimiento de Cash Back',NULL,2,NULL,NULL,NULL,NULL,NULL,'2021-12-01 07:00:01'),(105674,9657,NULL,'2021-12-01 00:00:01',34547.00,NULL,27061.02,NULL,'Vencimiento de Cash Back',NULL,2,NULL,NULL,NULL,NULL,NULL,'2021-12-01 07:00:01'),(105675,7860,NULL,'2021-12-01 00:00:01',0.00,NULL,0.00,NULL,'Vencimiento de Cash Back',NULL,2,NULL,NULL,NULL,NULL,NULL,'2021-12-01 07:00:01'),(105676,2648,NULL,'2021-12-01 00:00:01',8318.00,NULL,49299.39,NULL,'Vencimiento de Cash Back',NULL,2,NULL,NULL,NULL,NULL,NULL,'2021-12-01 07:00:01'),(105677,12816,NULL,'2021-12-01 00:00:01',300.00,NULL,5480.17,NULL,'Vencimiento de Cash Back',NULL,2,NULL,NULL,NULL,NULL,NULL,'2021-12-01 07:00:01'),(105678,3760,NULL,'2021-12-01 00:00:01',17756.00,NULL,5390.67,NULL,'Vencimiento de Cash Back',NULL,2,NULL,NULL,NULL,NULL,NULL,'2021-12-01 07:00:01'),(105679,5679,NULL,'2021-12-01 00:00:01',0.00,NULL,0.00,NULL,'Vencimiento de Cash Back',NULL,2,NULL,NULL,NULL,NULL,NULL,'2021-12-01 07:00:01'),(105680,10314,NULL,'2021-12-01 00:00:01',9745.00,NULL,27698.57,NULL,'Vencimiento de Cash Back',NULL,2,NULL,NULL,NULL,NULL,NULL,'2021-12-01 07:00:01'),(105681,6924,NULL,'2021-12-01 00:00:01',6455.00,NULL,15295.81,NULL,'Vencimiento de Cash Back',NULL,2,NULL,NULL,NULL,NULL,NULL,'2021-12-01 07:00:01'),(105682,10274,NULL,'2021-12-01 00:00:01',6475.00,NULL,20272.94,NULL,'Vencimiento de Cash Back',NULL,2,NULL,NULL,NULL,NULL,NULL,'2021-12-01 07:00:01'),(105683,6977,NULL,'2021-12-01 00:00:01',5252.00,NULL,0.03,NULL,'Vencimiento de Cash Back',NULL,2,NULL,NULL,NULL,NULL,NULL,'2021-12-01 07:00:01'),(105684,12082,NULL,'2021-12-01 00:00:01',17853.00,NULL,8068.55,NULL,'Vencimiento de Cash Back',NULL,2,NULL,NULL,NULL,NULL,NULL,'2021-12-01 07:00:01'),(105685,9880,NULL,'2021-12-01 00:00:01',30395.00,NULL,17463.17,NULL,'Vencimiento de Cash Back',NULL,2,NULL,NULL,NULL,NULL,NULL,'2021-12-01 07:00:01'),(105686,10403,NULL,'2021-12-01 00:00:01',0.00,NULL,0.00,NULL,'Vencimiento de Cash Back',NULL,2,NULL,NULL,NULL,NULL,NULL,'2021-12-01 07:00:01'),(105736,13102,NULL,'2021-12-28 21:08:01',0.00,50000.00,50000.00,NULL,'Loyalty by Enjoy Restaurants, le regala un GiftCard','2022-06-28',1,NULL,NULL,NULL,NULL,NULL,'2021-12-29 03:08:01'),(105737,6265,NULL,'2022-01-01 00:00:01',4656.00,NULL,63492.31,NULL,'Vencimiento de Cash Back',NULL,2,NULL,NULL,NULL,NULL,NULL,'2022-01-01 07:00:01'),(105738,3401,NULL,'2022-01-01 00:00:01',30191.00,NULL,52984.05,NULL,'Vencimiento de Cash Back',NULL,2,NULL,NULL,NULL,NULL,NULL,'2022-01-01 07:00:01'),(105739,1715,NULL,'2022-01-01 00:00:01',810.00,NULL,40682.26,NULL,'Vencimiento de Cash Back',NULL,2,NULL,NULL,NULL,NULL,NULL,'2022-01-01 07:00:01'),(105740,5268,NULL,'2022-01-01 00:00:01',6671.00,NULL,48615.75,NULL,'Vencimiento de Cash Back',NULL,2,NULL,NULL,NULL,NULL,NULL,'2022-01-01 07:00:01'),(105741,5724,NULL,'2022-01-01 00:00:01',9018.00,NULL,29997.97,NULL,'Vencimiento de Cash Back',NULL,2,NULL,NULL,NULL,NULL,NULL,'2022-01-01 07:00:01'),(105742,10111,NULL,'2022-01-01 00:00:01',17768.00,NULL,21842.40,NULL,'Vencimiento de Cash Back',NULL,2,NULL,NULL,NULL,NULL,NULL,'2022-01-01 07:00:01'),(105743,4205,NULL,'2022-01-01 00:00:01',21562.00,NULL,60382.11,NULL,'Vencimiento de Cash Back',NULL,2,NULL,NULL,NULL,NULL,NULL,'2022-01-01 07:00:01'),(105744,10711,NULL,'2022-01-01 00:00:01',7537.00,NULL,36055.00,NULL,'Vencimiento de Cash Back',NULL,2,NULL,NULL,NULL,NULL,NULL,'2022-01-01 07:00:01'),(105745,11000,NULL,'2022-01-01 00:00:01',5959.00,NULL,5488.62,NULL,'Vencimiento de Cash Back',NULL,2,NULL,NULL,NULL,NULL,NULL,'2022-01-01 07:00:01'),(105746,2566,NULL,'2022-01-01 00:00:01',7610.00,NULL,48898.42,NULL,'Vencimiento de Cash Back',NULL,2,NULL,NULL,NULL,NULL,NULL,'2022-01-01 07:00:01'),(105747,11407,NULL,'2022-01-01 00:00:01',15951.00,NULL,22431.51,NULL,'Vencimiento de Cash Back',NULL,2,NULL,NULL,NULL,NULL,NULL,'2022-01-01 07:00:01'),(105748,7019,NULL,'2022-01-01 00:00:01',8172.00,NULL,84122.76,NULL,'Vencimiento de Cash Back',NULL,2,NULL,NULL,NULL,NULL,NULL,'2022-01-01 07:00:01'),(105749,653,NULL,'2022-01-01 00:00:01',102231.00,NULL,258386.95,NULL,'Vencimiento de Cash Back',NULL,2,NULL,NULL,NULL,NULL,NULL,'2022-01-01 07:00:01'),(105750,971,NULL,'2022-01-01 00:00:01',43952.00,NULL,865069.36,NULL,'Vencimiento de Cash Back',NULL,2,NULL,NULL,NULL,NULL,NULL,'2022-01-01 07:00:01'),(105751,11518,NULL,'2022-01-01 00:00:01',67413.00,NULL,86843.40,NULL,'Vencimiento de Cash Back',NULL,2,NULL,NULL,NULL,NULL,NULL,'2022-01-01 07:00:01'),(105752,2839,NULL,'2022-01-01 00:00:01',6679.00,NULL,70178.58,NULL,'Vencimiento de Cash Back',NULL,2,NULL,NULL,NULL,NULL,NULL,'2022-01-01 07:00:01'),(105753,8023,NULL,'2022-01-01 00:00:01',9613.00,NULL,8513.95,NULL,'Vencimiento de Cash Back',NULL,2,NULL,NULL,NULL,NULL,NULL,'2022-01-01 07:00:01'),(105754,4697,NULL,'2022-01-01 00:00:01',8605.00,NULL,37.88,NULL,'Vencimiento de Cash Back',NULL,2,NULL,NULL,NULL,NULL,NULL,'2022-01-01 07:00:01'),(105755,9614,NULL,'2022-01-01 00:00:01',9098.00,NULL,66876.63,NULL,'Vencimiento de Cash Back',NULL,2,NULL,NULL,NULL,NULL,NULL,'2022-01-01 07:00:01'),(105756,923,NULL,'2022-01-01 00:00:01',26211.00,NULL,97648.09,NULL,'Vencimiento de Cash Back',NULL,2,NULL,NULL,NULL,NULL,NULL,'2022-01-01 07:00:01'),(105757,5699,NULL,'2022-01-01 00:00:01',574.00,NULL,6119.03,NULL,'Vencimiento de Cash Back',NULL,2,NULL,NULL,NULL,NULL,NULL,'2022-01-01 07:00:01'),(105758,1633,NULL,'2022-01-01 00:00:01',28464.00,NULL,84221.10,NULL,'Vencimiento de Cash Back',NULL,2,NULL,NULL,NULL,NULL,NULL,'2022-01-01 07:00:01'),(105759,5816,NULL,'2022-01-01 00:00:01',3218.00,NULL,63374.75,NULL,'Vencimiento de Cash Back',NULL,2,NULL,NULL,NULL,NULL,NULL,'2022-01-01 07:00:01'),(105760,6576,NULL,'2022-01-01 00:00:01',257.00,NULL,22301.50,NULL,'Vencimiento de Cash Back',NULL,2,NULL,NULL,NULL,NULL,NULL,'2022-01-01 07:00:01'),(105761,7936,NULL,'2022-01-01 00:00:01',35067.00,NULL,24341.46,NULL,'Vencimiento de Cash Back',NULL,2,NULL,NULL,NULL,NULL,NULL,'2022-01-01 07:00:01'),(105762,609,NULL,'2022-01-01 00:00:01',13974.00,NULL,40844.23,NULL,'Vencimiento de Cash Back',NULL,2,NULL,NULL,NULL,NULL,NULL,'2022-01-01 07:00:01'),(105763,1840,NULL,'2022-01-01 00:00:01',14489.00,NULL,10501.04,NULL,'Vencimiento de Cash Back',NULL,2,NULL,NULL,NULL,NULL,NULL,'2022-01-01 07:00:01'),(105764,4807,NULL,'2022-01-01 00:00:01',6933.00,NULL,541.78,NULL,'Vencimiento de Cash Back',NULL,2,NULL,NULL,NULL,NULL,NULL,'2022-01-01 07:00:01'),(105765,10578,NULL,'2022-01-01 00:00:01',509.00,NULL,5643.72,NULL,'Vencimiento de Cash Back',NULL,2,NULL,NULL,NULL,NULL,NULL,'2022-01-01 07:00:01'),(105766,774,NULL,'2022-01-01 00:00:01',9577.00,NULL,22510.15,NULL,'Vencimiento de Cash Back',NULL,2,NULL,NULL,NULL,NULL,NULL,'2022-01-01 07:00:01'),(105767,2656,NULL,'2022-01-01 00:00:01',97.00,NULL,6859.24,NULL,'Vencimiento de Cash Back',NULL,2,NULL,NULL,NULL,NULL,NULL,'2022-01-01 07:00:01'),(105768,1050,NULL,'2022-01-01 00:00:01',1738.00,NULL,178175.12,NULL,'Vencimiento de Cash Back',NULL,2,NULL,NULL,NULL,NULL,NULL,'2022-01-01 07:00:01'),(105769,10226,NULL,'2022-01-01 00:00:01',680.00,NULL,5450.10,NULL,'Vencimiento de Cash Back',NULL,2,NULL,NULL,NULL,NULL,NULL,'2022-01-01 07:00:01'),(105770,12870,NULL,'2022-01-01 00:00:01',7198.00,NULL,637.77,NULL,'Vencimiento de Cash Back',NULL,2,NULL,NULL,NULL,NULL,NULL,'2022-01-01 07:00:01'),(105771,7151,NULL,'2022-01-01 00:00:01',6680.00,NULL,36433.97,NULL,'Vencimiento de Cash Back',NULL,2,NULL,NULL,NULL,NULL,NULL,'2022-01-01 07:00:01'),(105772,12914,NULL,'2022-01-01 00:00:01',5171.00,NULL,5950.95,NULL,'Vencimiento de Cash Back',NULL,2,NULL,NULL,NULL,NULL,NULL,'2022-01-01 07:00:01'),(105773,6279,NULL,'2022-01-01 00:00:01',1032.00,NULL,5487.54,NULL,'Vencimiento de Cash Back',NULL,2,NULL,NULL,NULL,NULL,NULL,'2022-01-01 07:00:01'),(105774,5582,NULL,'2022-01-01 00:00:01',21505.00,NULL,17203.40,NULL,'Vencimiento de Cash Back',NULL,2,NULL,NULL,NULL,NULL,NULL,'2022-01-01 07:00:01'),(105775,8353,NULL,'2022-01-01 00:00:01',9659.00,NULL,0.29,NULL,'Vencimiento de Cash Back',NULL,2,NULL,NULL,NULL,NULL,NULL,'2022-01-01 07:00:01'),(105776,2391,NULL,'2022-01-01 00:00:01',7561.00,NULL,36907.88,NULL,'Vencimiento de Cash Back',NULL,2,NULL,NULL,NULL,NULL,NULL,'2022-01-01 07:00:01'),(105777,9613,NULL,'2022-01-01 00:00:01',66483.00,NULL,10189.80,NULL,'Vencimiento de Cash Back',NULL,2,NULL,NULL,NULL,NULL,NULL,'2022-01-01 07:00:01'),(105778,11025,NULL,'2022-01-01 00:00:01',18216.00,NULL,616.66,NULL,'Vencimiento de Cash Back',NULL,2,NULL,NULL,NULL,NULL,NULL,'2022-01-01 07:00:01'),(105779,12908,NULL,'2022-01-01 00:00:01',234168.00,NULL,0.20,NULL,'Vencimiento de Cash Back',NULL,2,NULL,NULL,NULL,NULL,NULL,'2022-01-01 07:00:01'),(105780,4632,NULL,'2022-01-01 00:00:01',8119.00,NULL,26540.19,NULL,'Vencimiento de Cash Back',NULL,2,NULL,NULL,NULL,NULL,NULL,'2022-01-01 07:00:01'),(105781,3343,NULL,'2022-01-01 00:00:01',1593.00,NULL,21379.34,NULL,'Vencimiento de Cash Back',NULL,2,NULL,NULL,NULL,NULL,NULL,'2022-01-01 07:00:01'),(105782,10881,NULL,'2022-01-01 00:00:01',9360.00,NULL,0.39,NULL,'Vencimiento de Cash Back',NULL,2,NULL,NULL,NULL,NULL,NULL,'2022-01-01 07:00:01'),(105783,9247,NULL,'2022-01-01 00:00:01',21384.00,NULL,7469.26,NULL,'Vencimiento de Cash Back',NULL,2,NULL,NULL,NULL,NULL,NULL,'2022-01-01 07:00:01'),(105784,6344,NULL,'2022-01-01 00:00:01',30826.00,NULL,0.02,NULL,'Vencimiento de Cash Back',NULL,2,NULL,NULL,NULL,NULL,NULL,'2022-01-01 07:00:01'),(105785,5633,NULL,'2022-01-01 00:00:01',455.00,NULL,10470.99,NULL,'Vencimiento de Cash Back',NULL,2,NULL,NULL,NULL,NULL,NULL,'2022-01-01 07:00:01'),(105786,2838,NULL,'2022-01-01 00:00:01',338.00,NULL,15894.59,NULL,'Vencimiento de Cash Back',NULL,2,NULL,NULL,NULL,NULL,NULL,'2022-01-01 07:00:01'),(105787,781,NULL,'2022-01-01 00:00:01',44661.00,NULL,129354.41,NULL,'Vencimiento de Cash Back',NULL,2,NULL,NULL,NULL,NULL,NULL,'2022-01-01 07:00:01'),(105788,7783,NULL,'2022-01-01 00:00:01',7442.00,NULL,13007.43,NULL,'Vencimiento de Cash Back',NULL,2,NULL,NULL,NULL,NULL,NULL,'2022-01-01 07:00:01'),(105789,11182,NULL,'2022-01-01 00:00:01',455.00,NULL,11657.32,NULL,'Vencimiento de Cash Back',NULL,2,NULL,NULL,NULL,NULL,NULL,'2022-01-01 07:00:01'),(105790,4791,NULL,'2022-01-01 00:00:01',5004.00,NULL,31.07,NULL,'Vencimiento de Cash Back',NULL,2,NULL,NULL,NULL,NULL,NULL,'2022-01-01 07:00:01'),(105791,6575,NULL,'2022-01-01 00:00:01',0.00,NULL,0.00,NULL,'Vencimiento de Cash Back',NULL,2,NULL,NULL,NULL,NULL,NULL,'2022-01-01 07:00:01'),(105792,12311,NULL,'2022-01-01 00:00:01',0.00,NULL,0.00,NULL,'Vencimiento de Cash Back',NULL,2,NULL,NULL,NULL,NULL,NULL,'2022-01-01 07:00:01'),(105793,12907,NULL,'2022-01-01 00:00:01',0.00,NULL,0.00,NULL,'Vencimiento de Cash Back',NULL,2,NULL,NULL,NULL,NULL,NULL,'2022-01-01 07:00:01'),(105794,3437,NULL,'2022-01-01 00:00:01',35382.00,NULL,53131.97,NULL,'Vencimiento de Cash Back',NULL,2,NULL,NULL,NULL,NULL,NULL,'2022-01-01 07:00:01'),(105795,4123,NULL,'2022-01-01 00:00:01',0.00,NULL,0.00,NULL,'Vencimiento de Cash Back',NULL,2,NULL,NULL,NULL,NULL,NULL,'2022-01-01 07:00:01'),(105796,2763,NULL,'2022-01-01 00:00:01',0.00,NULL,0.00,NULL,'Vencimiento de Cash Back',NULL,2,NULL,NULL,NULL,NULL,NULL,'2022-01-01 07:00:01'),(105797,783,NULL,'2022-01-01 00:00:01',1219.00,NULL,6983.22,NULL,'Vencimiento de Cash Back',NULL,2,NULL,NULL,NULL,NULL,NULL,'2022-01-01 07:00:01'),(105798,9833,NULL,'2022-01-01 00:00:01',8329.00,NULL,17723.65,NULL,'Vencimiento de Cash Back',NULL,2,NULL,NULL,NULL,NULL,NULL,'2022-01-01 07:00:01'),(105799,1432,NULL,'2022-01-01 00:00:01',5288.00,NULL,90.13,NULL,'Vencimiento de Cash Back',NULL,2,NULL,NULL,NULL,NULL,NULL,'2022-01-01 07:00:01'),(105800,918,NULL,'2022-01-01 00:00:01',6081.00,NULL,0.30,NULL,'Vencimiento de Cash Back',NULL,2,NULL,NULL,NULL,NULL,NULL,'2022-01-01 07:00:01'),(105801,1731,NULL,'2022-01-01 00:00:01',50273.00,NULL,45151.05,NULL,'Vencimiento de Cash Back',NULL,2,NULL,NULL,NULL,NULL,NULL,'2022-01-01 07:00:01'),(105802,1004,NULL,'2022-01-01 00:00:01',0.00,NULL,0.00,NULL,'Vencimiento de Cash Back',NULL,2,NULL,NULL,NULL,NULL,NULL,'2022-01-01 07:00:01'),(105803,4318,NULL,'2022-01-01 00:00:01',5908.00,NULL,7031.55,NULL,'Vencimiento de Cash Back',NULL,2,NULL,NULL,NULL,NULL,NULL,'2022-01-01 07:00:01'),(105804,11884,NULL,'2022-01-01 00:00:01',5780.00,NULL,5336.01,NULL,'Vencimiento de Cash Back',NULL,2,NULL,NULL,NULL,NULL,NULL,'2022-01-01 07:00:01'),(105805,6333,NULL,'2022-01-01 00:00:01',33902.00,NULL,13581.58,NULL,'Vencimiento de Cash Back',NULL,2,NULL,NULL,NULL,NULL,NULL,'2022-01-01 07:00:01'),(105806,857,NULL,'2022-01-01 00:00:01',36984.00,NULL,20870.81,NULL,'Vencimiento de Cash Back',NULL,2,NULL,NULL,NULL,NULL,NULL,'2022-01-01 07:00:01'),(105807,812,NULL,'2022-01-01 00:00:01',5280.00,NULL,53209.84,NULL,'Vencimiento de Cash Back',NULL,2,NULL,NULL,NULL,NULL,NULL,'2022-01-01 07:00:01'),(105808,4736,NULL,'2022-01-01 00:00:01',8761.00,NULL,20140.75,NULL,'Vencimiento de Cash Back',NULL,2,NULL,NULL,NULL,NULL,NULL,'2022-01-01 07:00:01'),(105809,10323,NULL,'2022-01-01 00:00:01',64269.00,NULL,126551.74,NULL,'Vencimiento de Cash Back',NULL,2,NULL,NULL,NULL,NULL,NULL,'2022-01-01 07:00:01'),(105810,9624,NULL,'2022-01-01 00:00:01',6577.00,NULL,0.24,NULL,'Vencimiento de Cash Back',NULL,2,NULL,NULL,NULL,NULL,NULL,'2022-01-01 07:00:01'),(105811,4305,NULL,'2022-01-01 00:00:01',20763.00,NULL,41051.74,NULL,'Vencimiento de Cash Back',NULL,2,NULL,NULL,NULL,NULL,NULL,'2022-01-01 07:00:01'),(105812,968,NULL,'2022-01-01 00:00:01',10805.00,NULL,48235.56,NULL,'Vencimiento de Cash Back',NULL,2,NULL,NULL,NULL,NULL,NULL,'2022-01-01 07:00:01'),(105813,3122,NULL,'2022-01-01 00:00:01',280.00,NULL,7387.75,NULL,'Vencimiento de Cash Back',NULL,2,NULL,NULL,NULL,NULL,NULL,'2022-01-01 07:00:01'),(105814,6905,NULL,'2022-01-01 00:00:01',59432.00,NULL,191415.00,NULL,'Vencimiento de Cash Back',NULL,2,NULL,NULL,NULL,NULL,NULL,'2022-01-01 07:00:01'),(105815,1076,NULL,'2022-01-01 00:00:01',241.00,NULL,9297.72,NULL,'Vencimiento de Cash Back',NULL,2,NULL,NULL,NULL,NULL,NULL,'2022-01-01 07:00:01'),(105816,12057,NULL,'2022-01-01 00:00:01',17678.00,NULL,559.96,NULL,'Vencimiento de Cash Back',NULL,2,NULL,NULL,NULL,NULL,NULL,'2022-01-01 07:00:01'),(105817,7891,NULL,'2022-01-01 00:00:01',6057.00,NULL,4.91,NULL,'Vencimiento de Cash Back',NULL,2,NULL,NULL,NULL,NULL,NULL,'2022-01-01 07:00:01'),(105818,2458,NULL,'2022-01-01 00:00:01',5545.00,NULL,4.01,NULL,'Vencimiento de Cash Back',NULL,2,NULL,NULL,NULL,NULL,NULL,'2022-01-01 07:00:01'),(105819,7248,NULL,'2022-01-01 00:00:01',4282.00,NULL,8284.10,NULL,'Vencimiento de Cash Back',NULL,2,NULL,NULL,NULL,NULL,NULL,'2022-01-01 07:00:01'),(105820,5615,NULL,'2022-01-01 00:00:01',5602.00,NULL,21013.72,NULL,'Vencimiento de Cash Back',NULL,2,NULL,NULL,NULL,NULL,NULL,'2022-01-01 07:00:01'),(105821,12943,NULL,'2022-01-01 00:00:01',35830.00,NULL,0.20,NULL,'Vencimiento de Cash Back',NULL,2,NULL,NULL,NULL,NULL,NULL,'2022-01-01 07:00:01'),(105822,9067,NULL,'2022-01-01 00:00:01',16608.00,NULL,256.23,NULL,'Vencimiento de Cash Back',NULL,2,NULL,NULL,NULL,NULL,NULL,'2022-01-01 07:00:01'),(105823,11827,NULL,'2022-01-01 00:00:01',9407.00,NULL,7069.00,NULL,'Vencimiento de Cash Back',NULL,2,NULL,NULL,NULL,NULL,NULL,'2022-01-01 07:00:01'),(105824,12792,NULL,'2022-01-01 00:00:01',7260.00,NULL,47788.78,NULL,'Vencimiento de Cash Back',NULL,2,NULL,NULL,NULL,NULL,NULL,'2022-01-01 07:00:01'),(105825,4461,NULL,'2022-01-01 00:00:01',6797.00,NULL,84324.75,NULL,'Vencimiento de Cash Back',NULL,2,NULL,NULL,NULL,NULL,NULL,'2022-01-01 07:00:01'),(105826,8262,NULL,'2022-01-01 00:00:01',12605.00,NULL,5406.09,NULL,'Vencimiento de Cash Back',NULL,2,NULL,NULL,NULL,NULL,NULL,'2022-01-01 07:00:01'),(105827,1807,NULL,'2022-01-01 00:00:01',138.00,NULL,14691.75,NULL,'Vencimiento de Cash Back',NULL,2,NULL,NULL,NULL,NULL,NULL,'2022-01-01 07:00:01'),(105828,12881,NULL,'2022-01-01 00:00:01',47666.00,NULL,0.34,NULL,'Vencimiento de Cash Back',NULL,2,NULL,NULL,NULL,NULL,NULL,'2022-01-01 07:00:01'),(105829,750,NULL,'2022-01-01 00:00:01',4977.00,NULL,25567.07,NULL,'Vencimiento de Cash Back',NULL,2,NULL,NULL,NULL,NULL,NULL,'2022-01-01 07:00:01'),(105830,5901,NULL,'2022-01-01 00:00:01',7236.00,NULL,5887.24,NULL,'Vencimiento de Cash Back',NULL,2,NULL,NULL,NULL,NULL,NULL,'2022-01-01 07:00:01'),(105831,4284,NULL,'2022-01-01 00:00:01',15626.00,NULL,7386.68,NULL,'Vencimiento de Cash Back',NULL,2,NULL,NULL,NULL,NULL,NULL,'2022-01-01 07:00:01'),(105832,2804,NULL,'2022-01-01 00:00:01',6687.00,NULL,661.93,NULL,'Vencimiento de Cash Back',NULL,2,NULL,NULL,NULL,NULL,NULL,'2022-01-01 07:00:01'),(105833,8711,NULL,'2022-01-01 00:00:01',0.00,NULL,0.00,NULL,'Vencimiento de Cash Back',NULL,2,NULL,NULL,NULL,NULL,NULL,'2022-01-01 07:00:01'),(105834,4915,NULL,'2022-01-01 00:00:01',6146.00,NULL,54.34,NULL,'Vencimiento de Cash Back',NULL,2,NULL,NULL,NULL,NULL,NULL,'2022-01-01 07:00:01'),(105835,9989,NULL,'2022-01-01 00:00:01',5535.00,NULL,7351.15,NULL,'Vencimiento de Cash Back',NULL,2,NULL,NULL,NULL,NULL,NULL,'2022-01-01 07:00:01'),(105836,3511,NULL,'2022-01-01 00:00:01',6845.00,NULL,36730.96,NULL,'Vencimiento de Cash Back',NULL,2,NULL,NULL,NULL,NULL,NULL,'2022-01-01 07:00:01'),(105837,10078,NULL,'2022-01-01 00:00:01',0.00,NULL,0.00,NULL,'Vencimiento de Cash Back',NULL,2,NULL,NULL,NULL,NULL,NULL,'2022-01-01 07:00:01'),(105838,1775,NULL,'2022-01-01 00:00:01',1820.00,NULL,27632.94,NULL,'Vencimiento de Cash Back',NULL,2,NULL,NULL,NULL,NULL,NULL,'2022-01-01 07:00:01'),(105839,12214,NULL,'2022-01-01 00:00:01',6333.00,NULL,962.52,NULL,'Vencimiento de Cash Back',NULL,2,NULL,NULL,NULL,NULL,NULL,'2022-01-01 07:00:01'),(105840,9497,NULL,'2022-01-01 00:00:01',6772.00,NULL,0.54,NULL,'Vencimiento de Cash Back',NULL,2,NULL,NULL,NULL,NULL,NULL,'2022-01-01 07:00:01'),(105841,704,NULL,'2022-01-01 00:00:01',2184.00,NULL,6588.11,NULL,'Vencimiento de Cash Back',NULL,2,NULL,NULL,NULL,NULL,NULL,'2022-01-01 07:00:01'),(105842,4137,NULL,'2022-01-01 00:00:01',6289.00,NULL,24717.62,NULL,'Vencimiento de Cash Back',NULL,2,NULL,NULL,NULL,NULL,NULL,'2022-01-01 07:00:01'),(105843,3974,NULL,'2022-01-01 00:00:01',18134.00,NULL,0.51,NULL,'Vencimiento de Cash Back',NULL,2,NULL,NULL,NULL,NULL,NULL,'2022-01-01 07:00:01'),(105844,6428,NULL,'2022-01-01 00:00:01',7350.00,NULL,670.59,NULL,'Vencimiento de Cash Back',NULL,2,NULL,NULL,NULL,NULL,NULL,'2022-01-01 07:00:01'),(105845,8576,NULL,'2022-01-01 00:00:01',19610.00,NULL,5641.76,NULL,'Vencimiento de Cash Back',NULL,2,NULL,NULL,NULL,NULL,NULL,'2022-01-01 07:00:01'),(105846,8598,NULL,'2022-01-01 00:00:01',6829.00,NULL,5268.27,NULL,'Vencimiento de Cash Back',NULL,2,NULL,NULL,NULL,NULL,NULL,'2022-01-01 07:00:01'),(105847,10901,NULL,'2022-01-01 00:00:01',7204.00,NULL,0.01,NULL,'Vencimiento de Cash Back',NULL,2,NULL,NULL,NULL,NULL,NULL,'2022-01-01 07:00:01'),(105848,607,NULL,'2022-01-01 00:00:01',31285.00,NULL,15927.03,NULL,'Vencimiento de Cash Back',NULL,2,NULL,NULL,NULL,NULL,NULL,'2022-01-01 07:00:01'),(105849,615,NULL,'2022-01-01 00:00:01',5045.00,NULL,837.11,NULL,'Vencimiento de Cash Back',NULL,2,NULL,NULL,NULL,NULL,NULL,'2022-01-01 07:00:01'),(105850,633,NULL,'2022-01-01 00:00:01',28988.00,NULL,61516.53,NULL,'Vencimiento de Cash Back',NULL,2,NULL,NULL,NULL,NULL,NULL,'2022-01-01 07:00:01'),(105864,13103,NULL,'2022-01-16 16:18:24',0.00,50000.00,50000.00,NULL,'Loyalty by Enjoy Restaurants, le regala un GiftCard','2022-07-16',1,NULL,NULL,NULL,NULL,NULL,'2022-01-16 22:18:24'),(105865,5337,NULL,'2022-02-01 00:00:01',8475.00,NULL,74814.06,NULL,'Vencimiento de Cash Back',NULL,2,NULL,NULL,NULL,NULL,NULL,'2022-02-01 07:00:01'),(105866,856,NULL,'2022-02-01 00:00:01',23302.00,NULL,70539.30,NULL,'Vencimiento de Cash Back',NULL,2,NULL,NULL,NULL,NULL,NULL,'2022-02-01 07:00:01'),(105867,4908,NULL,'2022-02-01 00:00:01',6089.00,NULL,68192.80,NULL,'Vencimiento de Cash Back',NULL,2,NULL,NULL,NULL,NULL,NULL,'2022-02-01 07:00:01'),(105868,1425,NULL,'2022-02-01 00:00:01',6799.00,NULL,8782.83,NULL,'Vencimiento de Cash Back',NULL,2,NULL,NULL,NULL,NULL,NULL,'2022-02-01 07:00:01'),(105869,10567,NULL,'2022-02-01 00:00:01',5512.00,NULL,8715.86,NULL,'Vencimiento de Cash Back',NULL,2,NULL,NULL,NULL,NULL,NULL,'2022-02-01 07:00:01'),(105870,3988,NULL,'2022-02-01 00:00:01',5559.00,NULL,762.54,NULL,'Vencimiento de Cash Back',NULL,2,NULL,NULL,NULL,NULL,NULL,'2022-02-01 07:00:01'),(105871,8827,NULL,'2022-02-01 00:00:01',19689.00,NULL,27506.66,NULL,'Vencimiento de Cash Back',NULL,2,NULL,NULL,NULL,NULL,NULL,'2022-02-01 07:00:01'),(105872,2841,NULL,'2022-02-01 00:00:01',16135.00,NULL,191168.43,NULL,'Vencimiento de Cash Back',NULL,2,NULL,NULL,NULL,NULL,NULL,'2022-02-01 07:00:01'),(105873,3401,NULL,'2022-02-01 00:00:01',17720.00,NULL,35264.05,NULL,'Vencimiento de Cash Back',NULL,2,NULL,NULL,NULL,NULL,NULL,'2022-02-01 07:00:01'),(105874,1715,NULL,'2022-02-01 00:00:01',8089.00,NULL,32593.26,NULL,'Vencimiento de Cash Back',NULL,2,NULL,NULL,NULL,NULL,NULL,'2022-02-01 07:00:01'),(105875,5268,NULL,'2022-02-01 00:00:01',13381.00,NULL,35234.75,NULL,'Vencimiento de Cash Back',NULL,2,NULL,NULL,NULL,NULL,NULL,'2022-02-01 07:00:01'),(105876,5458,NULL,'2022-02-01 00:00:01',5000.00,NULL,49067.09,NULL,'Vencimiento de Cash Back',NULL,2,NULL,NULL,NULL,NULL,NULL,'2022-02-01 07:00:01'),(105877,4112,NULL,'2022-02-01 00:00:01',5317.00,NULL,21346.81,NULL,'Vencimiento de Cash Back',NULL,2,NULL,NULL,NULL,NULL,NULL,'2022-02-01 07:00:01'),(105878,11274,NULL,'2022-02-01 00:00:01',8159.00,NULL,6833.06,NULL,'Vencimiento de Cash Back',NULL,2,NULL,NULL,NULL,NULL,NULL,'2022-02-01 07:00:01'),(105879,4205,NULL,'2022-02-01 00:00:01',17072.00,NULL,43310.11,NULL,'Vencimiento de Cash Back',NULL,2,NULL,NULL,NULL,NULL,NULL,'2022-02-01 07:00:01'),(105880,2566,NULL,'2022-02-01 00:00:01',36292.00,NULL,12606.42,NULL,'Vencimiento de Cash Back',NULL,2,NULL,NULL,NULL,NULL,NULL,'2022-02-01 07:00:01'),(105881,8731,NULL,'2022-02-01 00:00:01',39281.00,NULL,20244.70,NULL,'Vencimiento de Cash Back',NULL,2,NULL,NULL,NULL,NULL,NULL,'2022-02-01 07:00:01'),(105882,2553,NULL,'2022-02-01 00:00:01',13769.00,NULL,104705.16,NULL,'Vencimiento de Cash Back',NULL,2,NULL,NULL,NULL,NULL,NULL,'2022-02-01 07:00:01'),(105883,4803,NULL,'2022-02-01 00:00:01',22449.00,NULL,13507.32,NULL,'Vencimiento de Cash Back',NULL,2,NULL,NULL,NULL,NULL,NULL,'2022-02-01 07:00:01'),(105884,5255,NULL,'2022-02-01 00:00:01',87348.00,NULL,133663.00,NULL,'Vencimiento de Cash Back',NULL,2,NULL,NULL,NULL,NULL,NULL,'2022-02-01 07:00:01'),(105885,1298,NULL,'2022-02-01 00:00:01',5380.00,NULL,3.01,NULL,'Vencimiento de Cash Back',NULL,2,NULL,NULL,NULL,NULL,NULL,'2022-02-01 07:00:01'),(105886,1633,NULL,'2022-02-01 00:00:01',7349.00,NULL,76872.10,NULL,'Vencimiento de Cash Back',NULL,2,NULL,NULL,NULL,NULL,NULL,'2022-02-01 07:00:01'),(105887,606,NULL,'2022-02-01 00:00:01',17233.00,NULL,52201.67,NULL,'Vencimiento de Cash Back',NULL,2,NULL,NULL,NULL,NULL,NULL,'2022-02-01 07:00:01'),(105888,6576,NULL,'2022-02-01 00:00:01',21426.00,NULL,875.50,NULL,'Vencimiento de Cash Back',NULL,2,NULL,NULL,NULL,NULL,NULL,'2022-02-01 07:00:01'),(105889,683,NULL,'2022-02-01 00:00:01',305.00,NULL,52512.53,NULL,'Vencimiento de Cash Back',NULL,2,NULL,NULL,NULL,NULL,NULL,'2022-02-01 07:00:01'),(105890,6480,NULL,'2022-02-01 00:00:01',7737.00,NULL,18053.91,NULL,'Vencimiento de Cash Back',NULL,2,NULL,NULL,NULL,NULL,NULL,'2022-02-01 07:00:01'),(105891,6359,NULL,'2022-02-01 00:00:01',8395.00,NULL,37.12,NULL,'Vencimiento de Cash Back',NULL,2,NULL,NULL,NULL,NULL,NULL,'2022-02-01 07:00:01'),(105892,4632,NULL,'2022-02-01 00:00:01',13491.00,NULL,13049.19,NULL,'Vencimiento de Cash Back',NULL,2,NULL,NULL,NULL,NULL,NULL,'2022-02-01 07:00:01'),(105893,5633,NULL,'2022-02-01 00:00:01',9499.00,NULL,971.99,NULL,'Vencimiento de Cash Back',NULL,2,NULL,NULL,NULL,NULL,NULL,'2022-02-01 07:00:01'),(105894,2838,NULL,'2022-02-01 00:00:01',2155.00,NULL,13739.59,NULL,'Vencimiento de Cash Back',NULL,2,NULL,NULL,NULL,NULL,NULL,'2022-02-01 07:00:01'),(105895,1680,NULL,'2022-02-01 00:00:01',13116.00,NULL,23610.03,NULL,'Vencimiento de Cash Back',NULL,2,NULL,NULL,NULL,NULL,NULL,'2022-02-01 07:00:01'),(105896,1454,NULL,'2022-02-01 00:00:01',630.00,NULL,15297.81,NULL,'Vencimiento de Cash Back',NULL,2,NULL,NULL,NULL,NULL,NULL,'2022-02-01 07:00:01'),(105897,1455,NULL,'2022-02-01 00:00:01',3500.00,NULL,26494.03,NULL,'Vencimiento de Cash Back',NULL,2,NULL,NULL,NULL,NULL,NULL,'2022-02-01 07:00:01'),(105898,10568,NULL,'2022-02-01 00:00:01',158.00,NULL,20983.88,NULL,'Vencimiento de Cash Back',NULL,2,NULL,NULL,NULL,NULL,NULL,'2022-02-01 07:00:01'),(105899,5615,NULL,'2022-02-01 00:00:01',14641.00,NULL,6372.72,NULL,'Vencimiento de Cash Back',NULL,2,NULL,NULL,NULL,NULL,NULL,'2022-02-01 07:00:01'),(105900,9989,NULL,'2022-02-01 00:00:01',1817.00,NULL,5534.15,NULL,'Vencimiento de Cash Back',NULL,2,NULL,NULL,NULL,NULL,NULL,'2022-02-01 07:00:01'),(105901,5189,NULL,'2022-02-01 00:00:01',2699.00,NULL,53432.91,NULL,'Vencimiento de Cash Back',NULL,2,NULL,NULL,NULL,NULL,NULL,'2022-02-01 07:00:01'),(105902,1532,NULL,'2022-02-01 00:00:01',0.00,NULL,0.00,NULL,'Vencimiento de Cash Back',NULL,2,NULL,NULL,NULL,NULL,NULL,'2022-02-01 07:00:01'),(105903,1442,NULL,'2022-02-01 00:00:01',7057.00,NULL,24433.18,NULL,'Vencimiento de Cash Back',NULL,2,NULL,NULL,NULL,NULL,NULL,'2022-02-01 07:00:01'),(105904,2617,NULL,'2022-02-01 00:00:01',6797.00,NULL,25673.86,NULL,'Vencimiento de Cash Back',NULL,2,NULL,NULL,NULL,NULL,NULL,'2022-02-01 07:00:01'),(105905,1816,NULL,'2022-02-01 00:00:01',7146.00,NULL,756.53,NULL,'Vencimiento de Cash Back',NULL,2,NULL,NULL,NULL,NULL,NULL,'2022-02-01 07:00:01'),(105906,1749,NULL,'2022-02-01 00:00:01',407.00,NULL,18509.24,NULL,'Vencimiento de Cash Back',NULL,2,NULL,NULL,NULL,NULL,NULL,'2022-02-01 07:00:01'),(105907,4138,NULL,'2022-02-01 00:00:01',13061.00,NULL,7474.56,NULL,'Vencimiento de Cash Back',NULL,2,NULL,NULL,NULL,NULL,NULL,'2022-02-01 07:00:01'),(105908,3625,NULL,'2022-02-01 00:00:01',5102.00,NULL,37.63,NULL,'Vencimiento de Cash Back',NULL,2,NULL,NULL,NULL,NULL,NULL,'2022-02-01 07:00:01'),(105909,1231,NULL,'2022-02-01 00:00:01',9489.00,NULL,7578.52,NULL,'Vencimiento de Cash Back',NULL,2,NULL,NULL,NULL,NULL,NULL,'2022-02-01 07:00:01'),(105910,808,NULL,'2022-02-01 00:00:01',9723.00,NULL,267.76,NULL,'Vencimiento de Cash Back',NULL,2,NULL,NULL,NULL,NULL,NULL,'2022-02-01 07:00:01'),(105911,5445,NULL,'2022-02-01 00:00:01',30433.00,NULL,20225.23,NULL,'Vencimiento de Cash Back',NULL,2,NULL,NULL,NULL,NULL,NULL,'2022-02-01 07:00:01'),(105912,8117,NULL,'2022-02-01 00:00:01',56398.00,NULL,25004.58,NULL,'Vencimiento de Cash Back',NULL,2,NULL,NULL,NULL,NULL,NULL,'2022-02-01 07:00:01'),(105913,11534,NULL,'2022-02-01 00:00:01',63049.00,NULL,153822.19,NULL,'Vencimiento de Cash Back',NULL,2,NULL,NULL,NULL,NULL,NULL,'2022-02-01 07:00:01'),(105914,1513,NULL,'2022-02-01 00:00:01',20536.00,NULL,90.73,NULL,'Vencimiento de Cash Back',NULL,2,NULL,NULL,NULL,NULL,NULL,'2022-02-01 07:00:01'),(105915,1008,NULL,'2022-02-01 00:00:01',52821.00,NULL,1200.14,NULL,'Vencimiento de Cash Back',NULL,2,NULL,NULL,NULL,NULL,NULL,'2022-02-01 07:00:01'),(105916,4716,NULL,'2022-02-01 00:00:01',7184.00,NULL,97.00,NULL,'Vencimiento de Cash Back',NULL,2,NULL,NULL,NULL,NULL,NULL,'2022-02-01 07:00:01'),(105917,961,NULL,'2022-02-01 00:00:01',6117.00,NULL,31459.29,NULL,'Vencimiento de Cash Back',NULL,2,NULL,NULL,NULL,NULL,NULL,'2022-02-01 07:00:01'),(105918,960,NULL,'2022-02-01 00:00:01',21537.00,NULL,196.59,NULL,'Vencimiento de Cash Back',NULL,2,NULL,NULL,NULL,NULL,NULL,'2022-02-01 07:00:01'),(105919,3448,NULL,'2022-02-01 00:00:01',886.00,NULL,85.00,NULL,'Vencimiento de Cash Back',NULL,2,NULL,NULL,NULL,NULL,NULL,'2022-02-01 07:00:01'),(105920,1084,NULL,'2022-02-01 00:00:01',476.00,NULL,9170.68,NULL,'Vencimiento de Cash Back',NULL,2,NULL,NULL,NULL,NULL,NULL,'2022-02-01 07:00:01'),(105921,8130,NULL,'2022-02-01 00:00:01',16632.00,NULL,477.54,NULL,'Vencimiento de Cash Back',NULL,2,NULL,NULL,NULL,NULL,NULL,'2022-02-01 07:00:01'),(105922,12967,NULL,'2022-02-01 00:00:01',0.00,NULL,0.00,NULL,'Vencimiento de Cash Back',NULL,2,NULL,NULL,NULL,NULL,NULL,'2022-02-01 07:00:01'),(105923,2549,NULL,'2022-02-01 00:00:01',7951.00,NULL,0.22,NULL,'Vencimiento de Cash Back',NULL,2,NULL,NULL,NULL,NULL,NULL,'2022-02-01 07:00:01'),(105924,1035,NULL,'2022-02-01 00:00:01',30393.00,NULL,107.91,NULL,'Vencimiento de Cash Back',NULL,2,NULL,NULL,NULL,NULL,NULL,'2022-02-01 07:00:01'),(105925,1844,NULL,'2022-02-01 00:00:01',9057.00,NULL,14934.00,NULL,'Vencimiento de Cash Back',NULL,2,NULL,NULL,NULL,NULL,NULL,'2022-02-01 07:00:01'),(105926,9764,NULL,'2022-02-01 00:00:01',5192.00,NULL,14250.12,NULL,'Vencimiento de Cash Back',NULL,2,NULL,NULL,NULL,NULL,NULL,'2022-02-01 07:00:01'),(105927,9144,NULL,'2022-02-01 00:00:01',6382.00,NULL,21018.15,NULL,'Vencimiento de Cash Back',NULL,2,NULL,NULL,NULL,NULL,NULL,'2022-02-01 07:00:01'),(105928,10534,NULL,'2022-02-01 00:00:01',6606.00,NULL,66059.15,NULL,'Vencimiento de Cash Back',NULL,2,NULL,NULL,NULL,NULL,NULL,'2022-02-01 07:00:01'),(105929,1705,NULL,'2022-02-01 00:00:01',7599.00,NULL,493.31,NULL,'Vencimiento de Cash Back',NULL,2,NULL,NULL,NULL,NULL,NULL,'2022-02-01 07:00:01'),(105930,1040,NULL,'2022-02-01 00:00:01',6133.00,NULL,35424.16,NULL,'Vencimiento de Cash Back',NULL,2,NULL,NULL,NULL,NULL,NULL,'2022-02-01 07:00:01'),(105931,11834,NULL,'2022-02-01 00:00:01',5000.00,NULL,5673.59,NULL,'Vencimiento de Cash Back',NULL,2,NULL,NULL,NULL,NULL,NULL,'2022-02-01 07:00:01'),(105932,3214,NULL,'2022-02-01 00:00:01',8317.00,NULL,98767.36,NULL,'Vencimiento de Cash Back',NULL,2,NULL,NULL,NULL,NULL,NULL,'2022-02-01 07:00:01'),(105933,8225,NULL,'2022-02-01 00:00:01',16280.00,NULL,120.49,NULL,'Vencimiento de Cash Back',NULL,2,NULL,NULL,NULL,NULL,NULL,'2022-02-01 07:00:01'),(105934,9619,NULL,'2022-02-01 00:00:01',6867.00,NULL,59945.28,NULL,'Vencimiento de Cash Back',NULL,2,NULL,NULL,NULL,NULL,NULL,'2022-02-01 07:00:01'),(105935,8958,NULL,'2022-02-01 00:00:01',6244.00,NULL,43.78,NULL,'Vencimiento de Cash Back',NULL,2,NULL,NULL,NULL,NULL,NULL,'2022-02-01 07:00:01'),(105936,10850,NULL,'2022-02-01 00:00:01',15329.00,NULL,24659.40,NULL,'Vencimiento de Cash Back',NULL,2,NULL,NULL,NULL,NULL,NULL,'2022-02-01 07:00:01'),(105937,9243,NULL,'2022-02-01 00:00:01',6447.00,NULL,7478.80,NULL,'Vencimiento de Cash Back',NULL,2,NULL,NULL,NULL,NULL,NULL,'2022-02-01 07:00:01'),(105938,2568,NULL,'2022-02-01 00:00:01',40963.00,NULL,929.00,NULL,'Vencimiento de Cash Back',NULL,2,NULL,NULL,NULL,NULL,NULL,'2022-02-01 07:00:01'),(105939,3457,NULL,'2022-02-01 00:00:01',15177.00,NULL,30951.40,NULL,'Vencimiento de Cash Back',NULL,2,NULL,NULL,NULL,NULL,NULL,'2022-02-01 07:00:01'),(105940,8104,NULL,'2022-02-01 00:00:01',6159.00,NULL,66088.54,NULL,'Vencimiento de Cash Back',NULL,2,NULL,NULL,NULL,NULL,NULL,'2022-02-01 07:00:01'),(105941,11964,NULL,'2022-02-01 00:00:01',5216.00,NULL,13263.20,NULL,'Vencimiento de Cash Back',NULL,2,NULL,NULL,NULL,NULL,NULL,'2022-02-01 07:00:01'),(105942,1614,NULL,'2022-02-01 00:00:01',1533.00,NULL,7065.72,NULL,'Vencimiento de Cash Back',NULL,2,NULL,NULL,NULL,NULL,NULL,'2022-02-01 07:00:01'),(105943,947,NULL,'2022-02-01 00:00:01',18585.00,NULL,291.37,NULL,'Vencimiento de Cash Back',NULL,2,NULL,NULL,NULL,NULL,NULL,'2022-02-01 07:00:01'),(105944,5779,NULL,'2022-02-01 00:00:01',21617.00,NULL,523.99,NULL,'Vencimiento de Cash Back',NULL,2,NULL,NULL,NULL,NULL,NULL,'2022-02-01 07:00:01'),(105945,6535,NULL,'2022-02-01 00:00:01',33089.00,NULL,14292.60,NULL,'Vencimiento de Cash Back',NULL,2,NULL,NULL,NULL,NULL,NULL,'2022-02-01 07:00:01'),(105946,6095,NULL,'2022-02-01 00:00:01',10555.00,NULL,12876.91,NULL,'Vencimiento de Cash Back',NULL,2,NULL,NULL,NULL,NULL,NULL,'2022-02-01 07:00:01'),(105947,6232,NULL,'2022-02-01 00:00:01',48859.00,NULL,11767.38,NULL,'Vencimiento de Cash Back',NULL,2,NULL,NULL,NULL,NULL,NULL,'2022-02-01 07:00:01'),(105948,9525,NULL,'2022-02-01 00:00:01',9098.00,NULL,487.56,NULL,'Vencimiento de Cash Back',NULL,2,NULL,NULL,NULL,NULL,NULL,'2022-02-01 07:00:01'),(105949,10282,NULL,'2022-02-01 00:00:01',0.00,NULL,0.00,NULL,'Vencimiento de Cash Back',NULL,2,NULL,NULL,NULL,NULL,NULL,'2022-02-01 07:00:01'),(105950,12979,NULL,'2022-02-01 00:00:01',0.00,NULL,0.00,NULL,'Vencimiento de Cash Back',NULL,2,NULL,NULL,NULL,NULL,NULL,'2022-02-01 07:00:01'),(105951,1188,NULL,'2022-02-01 00:00:01',18543.00,NULL,392.68,NULL,'Vencimiento de Cash Back',NULL,2,NULL,NULL,NULL,NULL,NULL,'2022-02-01 07:00:01'),(105952,2931,NULL,'2022-02-01 00:00:01',1800.00,NULL,5636.30,NULL,'Vencimiento de Cash Back',NULL,2,NULL,NULL,NULL,NULL,NULL,'2022-02-01 07:00:01'),(105953,1642,NULL,'2022-02-01 00:00:01',10171.00,NULL,12179.10,NULL,'Vencimiento de Cash Back',NULL,2,NULL,NULL,NULL,NULL,NULL,'2022-02-01 07:00:01'),(105954,6776,NULL,'2022-02-01 00:00:01',6195.00,NULL,0.12,NULL,'Vencimiento de Cash Back',NULL,2,NULL,NULL,NULL,NULL,NULL,'2022-02-01 07:00:01'),(105955,725,NULL,'2022-02-01 00:00:01',1402.00,NULL,8494.54,NULL,'Vencimiento de Cash Back',NULL,2,NULL,NULL,NULL,NULL,NULL,'2022-02-01 07:00:01'),(105956,590,NULL,'2022-02-01 00:00:01',405.00,NULL,15485.44,NULL,'Vencimiento de Cash Back',NULL,2,NULL,NULL,NULL,NULL,NULL,'2022-02-01 07:00:01'),(105957,3413,NULL,'2022-02-01 00:00:01',5618.00,NULL,983.89,NULL,'Vencimiento de Cash Back',NULL,2,NULL,NULL,NULL,NULL,NULL,'2022-02-01 07:00:01'),(105958,4536,NULL,'2022-02-01 00:00:01',31984.00,NULL,31733.84,NULL,'Vencimiento de Cash Back',NULL,2,NULL,NULL,NULL,NULL,NULL,'2022-02-01 07:00:01'),(105959,2467,NULL,'2022-02-01 00:00:01',9171.00,NULL,167.49,NULL,'Vencimiento de Cash Back',NULL,2,NULL,NULL,NULL,NULL,NULL,'2022-02-01 07:00:01'),(105960,3271,NULL,'2022-02-01 00:00:01',1135.00,NULL,6233.93,NULL,'Vencimiento de Cash Back',NULL,2,NULL,NULL,NULL,NULL,NULL,'2022-02-01 07:00:01'),(105961,9309,NULL,'2022-02-01 00:00:01',7285.00,NULL,112.55,NULL,'Vencimiento de Cash Back',NULL,2,NULL,NULL,NULL,NULL,NULL,'2022-02-01 07:00:01'),(105962,2650,NULL,'2022-02-01 00:00:01',15939.00,NULL,0.02,NULL,'Vencimiento de Cash Back',NULL,2,NULL,NULL,NULL,NULL,NULL,'2022-02-01 07:00:01'),(105963,10928,NULL,'2022-02-01 00:00:01',7098.00,NULL,14505.25,NULL,'Vencimiento de Cash Back',NULL,2,NULL,NULL,NULL,NULL,NULL,'2022-02-01 07:00:01'),(105964,649,NULL,'2022-02-01 00:00:01',18305.00,NULL,97877.97,NULL,'Vencimiento de Cash Back',NULL,2,NULL,NULL,NULL,NULL,NULL,'2022-02-01 07:00:01'),(105965,6924,NULL,'2022-02-01 00:00:01',1578.00,NULL,13717.81,NULL,'Vencimiento de Cash Back',NULL,2,NULL,NULL,NULL,NULL,NULL,'2022-02-01 07:00:01'),(105966,2443,NULL,'2022-02-01 00:00:01',0.00,NULL,0.00,NULL,'Vencimiento de Cash Back',NULL,2,NULL,NULL,NULL,NULL,NULL,'2022-02-01 07:00:01'),(105967,5532,NULL,'2022-02-01 00:00:01',5813.00,NULL,728.01,NULL,'Vencimiento de Cash Back',NULL,2,NULL,NULL,NULL,NULL,NULL,'2022-02-01 07:00:01'),(105968,8247,NULL,'2022-02-01 00:00:01',6902.00,NULL,7478.38,NULL,'Vencimiento de Cash Back',NULL,2,NULL,NULL,NULL,NULL,NULL,'2022-02-01 07:00:01'),(105969,10314,NULL,'2022-02-01 00:00:01',7231.00,NULL,20467.57,NULL,'Vencimiento de Cash Back',NULL,2,NULL,NULL,NULL,NULL,NULL,'2022-02-01 07:00:01'),(105970,2933,NULL,'2022-02-01 00:00:01',6821.00,NULL,3041.14,NULL,'Vencimiento de Cash Back',NULL,2,NULL,NULL,NULL,NULL,NULL,'2022-02-01 07:00:01'),(105971,899,NULL,'2022-02-01 00:00:01',27866.00,NULL,5125.89,NULL,'Vencimiento de Cash Back',NULL,2,NULL,NULL,NULL,NULL,NULL,'2022-02-01 07:00:01'),(105972,1263,NULL,'2022-02-01 00:00:01',9924.00,NULL,28.52,NULL,'Vencimiento de Cash Back',NULL,2,NULL,NULL,NULL,NULL,NULL,'2022-02-01 07:00:01'),(105973,6864,NULL,'2022-02-01 00:00:01',5764.00,NULL,247.23,NULL,'Vencimiento de Cash Back',NULL,2,NULL,NULL,NULL,NULL,NULL,'2022-02-01 07:00:01'),(105974,6975,NULL,'2022-02-01 00:00:01',0.00,NULL,0.00,NULL,'Vencimiento de Cash Back',NULL,2,NULL,NULL,NULL,NULL,NULL,'2022-02-01 07:00:01'),(105975,12754,NULL,'2022-02-01 00:00:01',17721.00,NULL,7424.41,NULL,'Vencimiento de Cash Back',NULL,2,NULL,NULL,NULL,NULL,NULL,'2022-02-01 07:00:01'),(105976,4393,NULL,'2022-02-01 00:00:01',2833.00,NULL,29186.87,NULL,'Vencimiento de Cash Back',NULL,2,NULL,NULL,NULL,NULL,NULL,'2022-02-01 07:00:01'),(105977,1232,NULL,'2022-02-01 00:00:01',351.00,NULL,31569.54,NULL,'Vencimiento de Cash Back',NULL,2,NULL,NULL,NULL,NULL,NULL,'2022-02-01 07:00:01'),(105978,8889,NULL,'2022-02-01 00:00:01',8494.00,NULL,1890.85,NULL,'Vencimiento de Cash Back',NULL,2,NULL,NULL,NULL,NULL,NULL,'2022-02-01 07:00:01'),(105979,3829,NULL,'2022-02-01 00:00:01',666.00,NULL,249.00,NULL,'Vencimiento de Cash Back',NULL,2,NULL,NULL,NULL,NULL,NULL,'2022-02-01 07:00:01'),(105980,6101,NULL,'2022-02-01 00:00:01',0.00,NULL,0.00,NULL,'Vencimiento de Cash Back',NULL,2,NULL,NULL,NULL,NULL,NULL,'2022-02-01 07:00:01'),(105981,13084,NULL,'2022-02-01 00:00:01',50000.00,NULL,0.00,NULL,'Vencimiento de Cash Back',NULL,2,NULL,NULL,NULL,NULL,NULL,'2022-02-01 07:00:01'),(105992,2397,NULL,'2022-03-01 00:00:01',45930.00,NULL,50619.00,NULL,'Vencimiento de Cash Back',NULL,2,NULL,NULL,NULL,NULL,NULL,'2022-03-01 07:00:01'),(105993,8785,NULL,'2022-03-01 00:00:01',20927.00,NULL,77883.93,NULL,'Vencimiento de Cash Back',NULL,2,NULL,NULL,NULL,NULL,NULL,'2022-03-01 07:00:01'),(105994,4984,NULL,'2022-03-01 00:00:01',10339.00,NULL,56486.55,NULL,'Vencimiento de Cash Back',NULL,2,NULL,NULL,NULL,NULL,NULL,'2022-03-01 07:00:01'),(105995,922,NULL,'2022-03-01 00:00:01',2142.00,NULL,5279.96,NULL,'Vencimiento de Cash Back',NULL,2,NULL,NULL,NULL,NULL,NULL,'2022-03-01 07:00:01'),(105996,74,NULL,'2022-03-01 00:00:01',5015.00,NULL,47206.77,NULL,'Vencimiento de Cash Back',NULL,2,NULL,NULL,NULL,NULL,NULL,'2022-03-01 07:00:01'),(105997,11337,NULL,'2022-03-01 00:00:01',18238.00,NULL,14905.37,NULL,'Vencimiento de Cash Back',NULL,2,NULL,NULL,NULL,NULL,NULL,'2022-03-01 07:00:01'),(105998,9700,NULL,'2022-03-01 00:00:01',6496.00,NULL,7214.37,NULL,'Vencimiento de Cash Back',NULL,2,NULL,NULL,NULL,NULL,NULL,'2022-03-01 07:00:01'),(105999,7164,NULL,'2022-03-01 00:00:01',5890.00,NULL,23.85,NULL,'Vencimiento de Cash Back',NULL,2,NULL,NULL,NULL,NULL,NULL,'2022-03-01 07:00:01'),(106000,1138,NULL,'2022-03-01 00:00:01',42490.00,NULL,45952.24,NULL,'Vencimiento de Cash Back',NULL,2,NULL,NULL,NULL,NULL,NULL,'2022-03-01 07:00:01'),(106001,2550,NULL,'2022-03-01 00:00:01',16537.00,NULL,5430.95,NULL,'Vencimiento de Cash Back',NULL,2,NULL,NULL,NULL,NULL,NULL,'2022-03-01 07:00:01'),(106002,1729,NULL,'2022-03-01 00:00:01',52869.00,NULL,12301.42,NULL,'Vencimiento de Cash Back',NULL,2,NULL,NULL,NULL,NULL,NULL,'2022-03-01 07:00:01'),(106003,5041,NULL,'2022-03-01 00:00:01',9054.00,NULL,179.66,NULL,'Vencimiento de Cash Back',NULL,2,NULL,NULL,NULL,NULL,NULL,'2022-03-01 07:00:01'),(106004,596,NULL,'2022-03-01 00:00:01',5028.00,NULL,1488556.86,NULL,'Vencimiento de Cash Back',NULL,2,NULL,NULL,NULL,NULL,NULL,'2022-03-01 07:00:01'),(106005,3061,NULL,'2022-03-01 00:00:01',6624.00,NULL,76854.54,NULL,'Vencimiento de Cash Back',NULL,2,NULL,NULL,NULL,NULL,NULL,'2022-03-01 07:00:01'),(106006,971,NULL,'2022-03-01 00:00:01',39448.00,NULL,825621.36,NULL,'Vencimiento de Cash Back',NULL,2,NULL,NULL,NULL,NULL,NULL,'2022-03-01 07:00:01'),(106007,5798,NULL,'2022-03-01 00:00:01',41210.00,NULL,168273.02,NULL,'Vencimiento de Cash Back',NULL,2,NULL,NULL,NULL,NULL,NULL,'2022-03-01 07:00:01'),(106008,606,NULL,'2022-03-01 00:00:01',28553.00,NULL,23648.67,NULL,'Vencimiento de Cash Back',NULL,2,NULL,NULL,NULL,NULL,NULL,'2022-03-01 07:00:01'),(106009,8795,NULL,'2022-03-01 00:00:01',20869.00,NULL,74850.07,NULL,'Vencimiento de Cash Back',NULL,2,NULL,NULL,NULL,NULL,NULL,'2022-03-01 07:00:01'),(106010,1014,NULL,'2022-03-01 00:00:01',6890.00,NULL,531.68,NULL,'Vencimiento de Cash Back',NULL,2,NULL,NULL,NULL,NULL,NULL,'2022-03-01 07:00:01'),(106011,7151,NULL,'2022-03-01 00:00:01',24133.00,NULL,12300.97,NULL,'Vencimiento de Cash Back',NULL,2,NULL,NULL,NULL,NULL,NULL,'2022-03-01 07:00:01'),(106012,6480,NULL,'2022-03-01 00:00:01',10300.00,NULL,7753.91,NULL,'Vencimiento de Cash Back',NULL,2,NULL,NULL,NULL,NULL,NULL,'2022-03-01 07:00:01'),(106013,1041,NULL,'2022-03-01 00:00:01',31114.00,NULL,351.82,NULL,'Vencimiento de Cash Back',NULL,2,NULL,NULL,NULL,NULL,NULL,'2022-03-01 07:00:01'),(106014,4010,NULL,'2022-03-01 00:00:01',29575.00,NULL,105650.27,NULL,'Vencimiento de Cash Back',NULL,2,NULL,NULL,NULL,NULL,NULL,'2022-03-01 07:00:01'),(106015,3354,NULL,'2022-03-01 00:00:01',9644.00,NULL,25825.79,NULL,'Vencimiento de Cash Back',NULL,2,NULL,NULL,NULL,NULL,NULL,'2022-03-01 07:00:01'),(106016,4130,NULL,'2022-03-01 00:00:01',6314.00,NULL,303.82,NULL,'Vencimiento de Cash Back',NULL,2,NULL,NULL,NULL,NULL,NULL,'2022-03-01 07:00:01'),(106017,2698,NULL,'2022-03-01 00:00:01',34122.00,NULL,524.29,NULL,'Vencimiento de Cash Back',NULL,2,NULL,NULL,NULL,NULL,NULL,'2022-03-01 07:00:01'),(106018,961,NULL,'2022-03-01 00:00:01',659.00,NULL,30800.29,NULL,'Vencimiento de Cash Back',NULL,2,NULL,NULL,NULL,NULL,NULL,'2022-03-01 07:00:01'),(106019,1084,NULL,'2022-03-01 00:00:01',8204.00,NULL,966.68,NULL,'Vencimiento de Cash Back',NULL,2,NULL,NULL,NULL,NULL,NULL,'2022-03-01 07:00:01'),(106020,10534,NULL,'2022-03-01 00:00:01',37191.00,NULL,28868.15,NULL,'Vencimiento de Cash Back',NULL,2,NULL,NULL,NULL,NULL,NULL,'2022-03-01 07:00:01'),(106021,11372,NULL,'2022-03-01 00:00:01',0.00,NULL,0.00,NULL,'Vencimiento de Cash Back',NULL,2,NULL,NULL,NULL,NULL,NULL,'2022-03-01 07:00:01'),(106022,942,NULL,'2022-03-01 00:00:01',21743.00,NULL,6658.09,NULL,'Vencimiento de Cash Back',NULL,2,NULL,NULL,NULL,NULL,NULL,'2022-03-01 07:00:01'),(106023,4393,NULL,'2022-03-01 00:00:01',1256.00,NULL,27930.87,NULL,'Vencimiento de Cash Back',NULL,2,NULL,NULL,NULL,NULL,NULL,'2022-03-01 07:00:01'),(106024,1811,NULL,'2022-03-01 00:00:01',21943.00,NULL,8811.37,NULL,'Vencimiento de Cash Back',NULL,2,NULL,NULL,NULL,NULL,NULL,'2022-03-01 07:00:01'),(106025,780,NULL,'2022-03-01 00:00:01',19896.00,NULL,683.34,NULL,'Vencimiento de Cash Back',NULL,2,NULL,NULL,NULL,NULL,NULL,'2022-03-01 07:00:01'),(106026,2466,NULL,'2022-03-01 00:00:01',45984.00,NULL,122533.33,NULL,'Vencimiento de Cash Back',NULL,2,NULL,NULL,NULL,NULL,NULL,'2022-03-01 07:00:01'),(106027,12991,NULL,'2022-03-01 00:00:01',5195.00,NULL,0.12,NULL,'Vencimiento de Cash Back',NULL,2,NULL,NULL,NULL,NULL,NULL,'2022-03-01 07:00:01'),(106028,819,NULL,'2022-03-01 00:00:01',146916.00,NULL,52078.93,NULL,'Vencimiento de Cash Back',NULL,2,NULL,NULL,NULL,NULL,NULL,'2022-03-01 07:00:01'),(106029,9219,NULL,'2022-03-01 00:00:01',30439.00,NULL,38.02,NULL,'Vencimiento de Cash Back',NULL,2,NULL,NULL,NULL,NULL,NULL,'2022-03-01 07:00:01'),(106030,4484,NULL,'2022-03-01 00:00:01',15415.00,NULL,9738.63,NULL,'Vencimiento de Cash Back',NULL,2,NULL,NULL,NULL,NULL,NULL,'2022-03-01 07:00:01'),(106031,1812,NULL,'2022-03-01 00:00:01',8726.00,NULL,29305.53,NULL,'Vencimiento de Cash Back',NULL,2,NULL,NULL,NULL,NULL,NULL,'2022-03-01 07:00:01'),(106032,1585,NULL,'2022-03-01 00:00:01',9484.00,NULL,8975.36,NULL,'Vencimiento de Cash Back',NULL,2,NULL,NULL,NULL,NULL,NULL,'2022-03-01 07:00:01'),(106033,2993,NULL,'2022-03-01 00:00:01',6528.00,NULL,9914.05,NULL,'Vencimiento de Cash Back',NULL,2,NULL,NULL,NULL,NULL,NULL,'2022-03-01 07:00:01'),(106034,11563,NULL,'2022-03-01 00:00:01',33100.00,NULL,1.08,NULL,'Vencimiento de Cash Back',NULL,2,NULL,NULL,NULL,NULL,NULL,'2022-03-01 07:00:01'),(106035,10272,NULL,'2022-03-01 00:00:01',6650.00,NULL,362.59,NULL,'Vencimiento de Cash Back',NULL,2,NULL,NULL,NULL,NULL,NULL,'2022-03-01 07:00:01'),(106036,609,NULL,'2022-03-01 00:00:01',3224.00,NULL,37620.23,NULL,'Vencimiento de Cash Back',NULL,2,NULL,NULL,NULL,NULL,NULL,'2022-03-01 07:00:01'),(106037,1684,NULL,'2022-03-01 00:00:01',9104.00,NULL,35319.08,NULL,'Vencimiento de Cash Back',NULL,2,NULL,NULL,NULL,NULL,NULL,'2022-03-01 07:00:01'),(106038,3583,NULL,'2022-03-01 00:00:01',5220.00,NULL,7430.25,NULL,'Vencimiento de Cash Back',NULL,2,NULL,NULL,NULL,NULL,NULL,'2022-03-01 07:00:01'),(106039,7776,NULL,'2022-03-01 00:00:01',9903.00,NULL,14959.50,NULL,'Vencimiento de Cash Back',NULL,2,NULL,NULL,NULL,NULL,NULL,'2022-03-01 07:00:01'),(106040,3188,NULL,'2022-03-01 00:00:01',12466.00,NULL,98522.87,NULL,'Vencimiento de Cash Back',NULL,2,NULL,NULL,NULL,NULL,NULL,'2022-03-01 07:00:01'),(106041,6618,NULL,'2022-03-01 00:00:01',3037.00,NULL,10619.55,NULL,'Vencimiento de Cash Back',NULL,2,NULL,NULL,NULL,NULL,NULL,'2022-03-01 07:00:01'),(106042,713,NULL,'2022-03-01 00:00:01',8134.00,NULL,202.15,NULL,'Vencimiento de Cash Back',NULL,2,NULL,NULL,NULL,NULL,NULL,'2022-03-01 07:00:01'),(106043,12996,NULL,'2022-03-01 00:00:01',89085.00,NULL,0.33,NULL,'Vencimiento de Cash Back',NULL,2,NULL,NULL,NULL,NULL,NULL,'2022-03-01 07:00:01'),(106044,2512,NULL,'2022-03-01 00:00:01',6975.00,NULL,2.88,NULL,'Vencimiento de Cash Back',NULL,2,NULL,NULL,NULL,NULL,NULL,'2022-03-01 07:00:01'),(106045,11807,NULL,'2022-03-01 00:00:01',8707.00,NULL,7974.36,NULL,'Vencimiento de Cash Back',NULL,2,NULL,NULL,NULL,NULL,NULL,'2022-03-01 07:00:01'),(106046,5185,NULL,'2022-03-01 00:00:01',14542.00,NULL,19766.51,NULL,'Vencimiento de Cash Back',NULL,2,NULL,NULL,NULL,NULL,NULL,'2022-03-01 07:00:01'),(106047,9614,NULL,'2022-03-01 00:00:01',31761.00,NULL,35115.63,NULL,'Vencimiento de Cash Back',NULL,2,NULL,NULL,NULL,NULL,NULL,'2022-03-01 07:00:01'),(106048,8369,NULL,'2022-03-01 00:00:01',16707.00,NULL,2132.32,NULL,'Vencimiento de Cash Back',NULL,2,NULL,NULL,NULL,NULL,NULL,'2022-03-01 07:00:01'),(106049,5699,NULL,'2022-03-01 00:00:01',5465.00,NULL,654.03,NULL,'Vencimiento de Cash Back',NULL,2,NULL,NULL,NULL,NULL,NULL,'2022-03-01 07:00:01'),(106050,10375,NULL,'2022-03-01 00:00:01',0.00,NULL,0.00,NULL,'Vencimiento de Cash Back',NULL,2,NULL,NULL,NULL,NULL,NULL,'2022-03-01 07:00:01'),(106051,2793,NULL,'2022-03-01 00:00:01',22018.00,NULL,0.29,NULL,'Vencimiento de Cash Back',NULL,2,NULL,NULL,NULL,NULL,NULL,'2022-03-01 07:00:01'),(106052,4479,NULL,'2022-03-01 00:00:01',6902.00,NULL,0.44,NULL,'Vencimiento de Cash Back',NULL,2,NULL,NULL,NULL,NULL,NULL,'2022-03-01 07:00:01'),(106053,892,NULL,'2022-03-01 00:00:01',6418.00,NULL,6848.85,NULL,'Vencimiento de Cash Back',NULL,2,NULL,NULL,NULL,NULL,NULL,'2022-03-01 07:00:01'),(106054,8035,NULL,'2022-03-01 00:00:01',8463.00,NULL,4999.91,NULL,'Vencimiento de Cash Back',NULL,2,NULL,NULL,NULL,NULL,NULL,'2022-03-01 07:00:01'),(106055,6980,NULL,'2022-03-01 00:00:01',17468.00,NULL,2755.90,NULL,'Vencimiento de Cash Back',NULL,2,NULL,NULL,NULL,NULL,NULL,'2022-03-01 07:00:01'),(106056,1807,NULL,'2022-03-01 00:00:01',5573.00,NULL,9118.75,NULL,'Vencimiento de Cash Back',NULL,2,NULL,NULL,NULL,NULL,NULL,'2022-03-01 07:00:01'),(106057,11001,NULL,'2022-03-01 00:00:01',7662.00,NULL,809.79,NULL,'Vencimiento de Cash Back',NULL,2,NULL,NULL,NULL,NULL,NULL,'2022-03-01 07:00:01'),(106058,1221,NULL,'2022-03-01 00:00:01',5474.00,NULL,142127.35,NULL,'Vencimiento de Cash Back',NULL,2,NULL,NULL,NULL,NULL,NULL,'2022-03-01 07:00:01'),(106059,2391,NULL,'2022-03-01 00:00:01',28870.00,NULL,8037.88,NULL,'Vencimiento de Cash Back',NULL,2,NULL,NULL,NULL,NULL,NULL,'2022-03-01 07:00:01'),(106060,11717,NULL,'2022-03-01 00:00:01',18158.00,NULL,382.39,NULL,'Vencimiento de Cash Back',NULL,2,NULL,NULL,NULL,NULL,NULL,'2022-03-01 07:00:01'),(106061,4432,NULL,'2022-03-01 00:00:01',31951.00,NULL,15548.82,NULL,'Vencimiento de Cash Back',NULL,2,NULL,NULL,NULL,NULL,NULL,'2022-03-01 07:00:01'),(106062,3095,NULL,'2022-03-01 00:00:01',7463.00,NULL,13703.34,NULL,'Vencimiento de Cash Back',NULL,2,NULL,NULL,NULL,NULL,NULL,'2022-03-01 07:00:01'),(106063,9411,NULL,'2022-03-01 00:00:01',0.00,NULL,0.00,NULL,'Vencimiento de Cash Back',NULL,2,NULL,NULL,NULL,NULL,NULL,'2022-03-01 07:00:01'),(106064,1843,NULL,'2022-03-01 00:00:01',18463.00,NULL,32865.08,NULL,'Vencimiento de Cash Back',NULL,2,NULL,NULL,NULL,NULL,NULL,'2022-03-01 07:00:01'),(106065,7129,NULL,'2022-03-01 00:00:01',15738.00,NULL,21515.49,NULL,'Vencimiento de Cash Back',NULL,2,NULL,NULL,NULL,NULL,NULL,'2022-03-01 07:00:01'),(106066,1368,NULL,'2022-03-01 00:00:01',6520.00,NULL,17711.87,NULL,'Vencimiento de Cash Back',NULL,2,NULL,NULL,NULL,NULL,NULL,'2022-03-01 07:00:01'),(106067,7830,NULL,'2022-03-01 00:00:01',5707.00,NULL,0.32,NULL,'Vencimiento de Cash Back',NULL,2,NULL,NULL,NULL,NULL,NULL,'2022-03-01 07:00:01'),(106068,12914,NULL,'2022-03-01 00:00:01',780.00,NULL,5170.95,NULL,'Vencimiento de Cash Back',NULL,2,NULL,NULL,NULL,NULL,NULL,'2022-03-01 07:00:01'),(106069,12339,NULL,'2022-03-01 00:00:01',35523.00,NULL,20249.33,NULL,'Vencimiento de Cash Back',NULL,2,NULL,NULL,NULL,NULL,NULL,'2022-03-01 07:00:01'),(106070,13036,NULL,'2022-03-01 00:00:01',5382.00,NULL,0.11,NULL,'Vencimiento de Cash Back',NULL,2,NULL,NULL,NULL,NULL,NULL,'2022-03-01 07:00:01'),(106071,13032,NULL,'2022-03-01 00:00:01',56715.00,NULL,0.45,NULL,'Vencimiento de Cash Back',NULL,2,NULL,NULL,NULL,NULL,NULL,'2022-03-01 07:00:01'),(106072,5884,NULL,'2022-03-01 00:00:01',5390.00,NULL,0.24,NULL,'Vencimiento de Cash Back',NULL,2,NULL,NULL,NULL,NULL,NULL,'2022-03-01 07:00:01'),(106073,11490,NULL,'2022-03-01 00:00:01',6650.00,NULL,16465.31,NULL,'Vencimiento de Cash Back',NULL,2,NULL,NULL,NULL,NULL,NULL,'2022-03-01 07:00:01'),(106074,13037,NULL,'2022-03-01 00:00:01',0.00,NULL,0.00,NULL,'Vencimiento de Cash Back',NULL,2,NULL,NULL,NULL,NULL,NULL,'2022-03-01 07:00:01'),(106075,5898,NULL,'2022-03-01 00:00:01',7187.00,NULL,29689.59,NULL,'Vencimiento de Cash Back',NULL,2,NULL,NULL,NULL,NULL,NULL,'2022-03-01 07:00:01'),(106076,7188,NULL,'2022-03-01 00:00:01',0.00,NULL,0.00,NULL,'Vencimiento de Cash Back',NULL,2,NULL,NULL,NULL,NULL,NULL,'2022-03-01 07:00:01'),(106077,1076,NULL,'2022-03-01 00:00:01',8804.00,NULL,493.72,NULL,'Vencimiento de Cash Back',NULL,2,NULL,NULL,NULL,NULL,NULL,'2022-03-01 07:00:01'),(106078,3690,NULL,'2022-03-01 00:00:01',10744.00,NULL,6992.24,NULL,'Vencimiento de Cash Back',NULL,2,NULL,NULL,NULL,NULL,NULL,'2022-03-01 07:00:01'),(106079,1279,NULL,'2022-03-01 00:00:01',15999.00,NULL,2482.58,NULL,'Vencimiento de Cash Back',NULL,2,NULL,NULL,NULL,NULL,NULL,'2022-03-01 07:00:01'),(106080,12792,NULL,'2022-03-01 00:00:01',39000.00,NULL,8788.78,NULL,'Vencimiento de Cash Back',NULL,2,NULL,NULL,NULL,NULL,NULL,'2022-03-01 07:00:01'),(106081,2647,NULL,'2022-03-01 00:00:01',7488.00,NULL,4808.80,NULL,'Vencimiento de Cash Back',NULL,2,NULL,NULL,NULL,NULL,NULL,'2022-03-01 07:00:01'),(106082,6124,NULL,'2022-03-01 00:00:01',0.00,NULL,0.00,NULL,'Vencimiento de Cash Back',NULL,2,NULL,NULL,NULL,NULL,NULL,'2022-03-01 07:00:01'),(106083,3646,NULL,'2022-03-01 00:00:01',50699.00,NULL,176396.08,NULL,'Vencimiento de Cash Back',NULL,2,NULL,NULL,NULL,NULL,NULL,'2022-03-01 07:00:01'),(106084,1055,NULL,'2022-03-01 00:00:01',7789.00,NULL,16987.45,NULL,'Vencimiento de Cash Back',NULL,2,NULL,NULL,NULL,NULL,NULL,'2022-03-01 07:00:01'),(106085,9428,NULL,'2022-03-01 00:00:01',5228.00,NULL,62772.50,NULL,'Vencimiento de Cash Back',NULL,2,NULL,NULL,NULL,NULL,NULL,'2022-03-01 07:00:01'),(106086,11228,NULL,'2022-03-01 00:00:01',5293.00,NULL,5706.81,NULL,'Vencimiento de Cash Back',NULL,2,NULL,NULL,NULL,NULL,NULL,'2022-03-01 07:00:01'),(106087,5505,NULL,'2022-03-01 00:00:01',5089.00,NULL,714.43,NULL,'Vencimiento de Cash Back',NULL,2,NULL,NULL,NULL,NULL,NULL,'2022-03-01 07:00:01'),(106088,12964,NULL,'2022-03-01 00:00:01',20803.00,NULL,0.00,NULL,'Vencimiento de Cash Back',NULL,2,NULL,NULL,NULL,NULL,NULL,'2022-03-01 07:00:01'),(106119,8580,NULL,'2022-04-01 00:00:01',31756.00,NULL,236.66,NULL,'Vencimiento de Cash Back',NULL,2,NULL,NULL,NULL,NULL,NULL,'2022-04-01 07:00:01'),(106120,4908,NULL,'2022-04-01 00:00:01',399.00,NULL,67793.80,NULL,'Vencimiento de Cash Back',NULL,2,NULL,NULL,NULL,NULL,NULL,'2022-04-01 07:00:01'),(106121,7217,NULL,'2022-04-01 00:00:01',6422.00,NULL,292.05,NULL,'Vencimiento de Cash Back',NULL,2,NULL,NULL,NULL,NULL,NULL,'2022-04-01 07:00:01'),(106122,8795,NULL,'2022-04-01 00:00:01',28585.00,NULL,46265.07,NULL,'Vencimiento de Cash Back',NULL,2,NULL,NULL,NULL,NULL,NULL,'2022-04-01 07:00:01'),(106123,5274,NULL,'2022-04-01 00:00:01',13989.00,NULL,54421.20,NULL,'Vencimiento de Cash Back',NULL,2,NULL,NULL,NULL,NULL,NULL,'2022-04-01 07:00:01'),(106124,1760,NULL,'2022-04-01 00:00:01',9598.00,NULL,122.37,NULL,'Vencimiento de Cash Back',NULL,2,NULL,NULL,NULL,NULL,NULL,'2022-04-01 07:00:01'),(106125,6544,NULL,'2022-04-01 00:00:01',6733.00,NULL,398.33,NULL,'Vencimiento de Cash Back',NULL,2,NULL,NULL,NULL,NULL,NULL,'2022-04-01 07:00:01'),(106126,1807,NULL,'2022-04-01 00:00:01',2687.00,NULL,6431.75,NULL,'Vencimiento de Cash Back',NULL,2,NULL,NULL,NULL,NULL,NULL,'2022-04-01 07:00:01'),(106127,1362,NULL,'2022-04-01 00:00:01',6391.00,NULL,0.46,NULL,'Vencimiento de Cash Back',NULL,2,NULL,NULL,NULL,NULL,NULL,'2022-04-01 07:00:01'),(106128,11490,NULL,'2022-04-01 00:00:01',9782.00,NULL,6683.31,NULL,'Vencimiento de Cash Back',NULL,2,NULL,NULL,NULL,NULL,NULL,'2022-04-01 07:00:01'),(106129,9293,NULL,'2022-04-01 00:00:01',16841.00,NULL,29194.14,NULL,'Vencimiento de Cash Back',NULL,2,NULL,NULL,NULL,NULL,NULL,'2022-04-01 07:00:01'),(106130,9528,NULL,'2022-04-01 00:00:01',16390.00,NULL,334.25,NULL,'Vencimiento de Cash Back',NULL,2,NULL,NULL,NULL,NULL,NULL,'2022-04-01 07:00:01'),(106131,2878,NULL,'2022-04-01 00:00:01',16052.00,NULL,519.13,NULL,'Vencimiento de Cash Back',NULL,2,NULL,NULL,NULL,NULL,NULL,'2022-04-01 07:00:01'),(106132,12433,NULL,'2022-04-01 00:00:01',10992.00,NULL,14705.57,NULL,'Vencimiento de Cash Back',NULL,2,NULL,NULL,NULL,NULL,NULL,'2022-04-01 07:00:01'),(106133,2664,NULL,'2022-04-01 00:00:01',9675.00,NULL,3018.80,NULL,'Vencimiento de Cash Back',NULL,2,NULL,NULL,NULL,NULL,NULL,'2022-04-01 07:00:01'),(106134,9777,NULL,'2022-04-01 00:00:01',5301.00,NULL,6315.81,NULL,'Vencimiento de Cash Back',NULL,2,NULL,NULL,NULL,NULL,NULL,'2022-04-01 07:00:01'),(106135,620,NULL,'2022-04-01 00:00:01',8431.00,NULL,17874.39,NULL,'Vencimiento de Cash Back',NULL,2,NULL,NULL,NULL,NULL,NULL,'2022-04-01 07:00:01'),(106136,8473,NULL,'2022-04-01 00:00:01',8528.00,NULL,8213.46,NULL,'Vencimiento de Cash Back',NULL,2,NULL,NULL,NULL,NULL,NULL,'2022-04-01 07:00:01'),(106137,2456,NULL,'2022-04-01 00:00:01',20316.00,NULL,4.05,NULL,'Vencimiento de Cash Back',NULL,2,NULL,NULL,NULL,NULL,NULL,'2022-04-01 07:00:01'),(106138,1230,NULL,'2022-04-01 00:00:01',7955.00,NULL,0.29,NULL,'Vencimiento de Cash Back',NULL,2,NULL,NULL,NULL,NULL,NULL,'2022-04-01 07:00:01'),(106139,11834,NULL,'2022-04-01 00:00:01',537.00,NULL,5136.59,NULL,'Vencimiento de Cash Back',NULL,2,NULL,NULL,NULL,NULL,NULL,'2022-04-01 07:00:01'),(106140,1509,NULL,'2022-04-01 00:00:01',16579.00,NULL,411.27,NULL,'Vencimiento de Cash Back',NULL,2,NULL,NULL,NULL,NULL,NULL,'2022-04-01 07:00:01'),(106141,9795,NULL,'2022-04-01 00:00:01',6480.00,NULL,275.68,NULL,'Vencimiento de Cash Back',NULL,2,NULL,NULL,NULL,NULL,NULL,'2022-04-01 07:00:01'),(106142,766,NULL,'2022-04-01 00:00:01',6244.00,NULL,388.90,NULL,'Vencimiento de Cash Back',NULL,2,NULL,NULL,NULL,NULL,NULL,'2022-04-01 07:00:01'),(106143,890,NULL,'2022-04-01 00:00:01',6089.00,NULL,395.43,NULL,'Vencimiento de Cash Back',NULL,2,NULL,NULL,NULL,NULL,NULL,'2022-04-01 07:00:01'),(106144,677,NULL,'2022-04-01 00:00:01',6133.00,NULL,907.46,NULL,'Vencimiento de Cash Back',NULL,2,NULL,NULL,NULL,NULL,NULL,'2022-04-01 07:00:01'),(106145,1425,NULL,'2022-04-01 00:00:01',1429.00,NULL,7353.83,NULL,'Vencimiento de Cash Back',NULL,2,NULL,NULL,NULL,NULL,NULL,'2022-04-01 07:00:01'),(106146,12187,NULL,'2022-04-01 00:00:01',5821.00,NULL,0.14,NULL,'Vencimiento de Cash Back',NULL,2,NULL,NULL,NULL,NULL,NULL,'2022-04-01 07:00:01'),(106147,2454,NULL,'2022-04-01 00:00:01',19652.00,NULL,61879.44,NULL,'Vencimiento de Cash Back',NULL,2,NULL,NULL,NULL,NULL,NULL,'2022-04-01 07:00:01'),(106148,927,NULL,'2022-04-01 00:00:01',31350.00,NULL,694.59,NULL,'Vencimiento de Cash Back',NULL,2,NULL,NULL,NULL,NULL,NULL,'2022-04-01 07:00:01'),(106149,10372,NULL,'2022-04-01 00:00:01',6098.00,NULL,375.56,NULL,'Vencimiento de Cash Back',NULL,2,NULL,NULL,NULL,NULL,NULL,'2022-04-01 07:00:01'),(106150,5254,NULL,'2022-04-01 00:00:01',8375.00,NULL,26989.55,NULL,'Vencimiento de Cash Back',NULL,2,NULL,NULL,NULL,NULL,NULL,'2022-04-01 07:00:01'),(106151,6265,NULL,'2022-04-01 00:00:01',5934.00,NULL,57558.31,NULL,'Vencimiento de Cash Back',NULL,2,NULL,NULL,NULL,NULL,NULL,'2022-04-01 07:00:01'),(106152,3236,NULL,'2022-04-01 00:00:01',1751.00,NULL,7291.45,NULL,'Vencimiento de Cash Back',NULL,2,NULL,NULL,NULL,NULL,NULL,'2022-04-01 07:00:01'),(106153,11689,NULL,'2022-04-01 00:00:01',2647.00,NULL,23089.07,NULL,'Vencimiento de Cash Back',NULL,2,NULL,NULL,NULL,NULL,NULL,'2022-04-01 07:00:01'),(106154,10702,NULL,'2022-04-01 00:00:01',19072.00,NULL,605.34,NULL,'Vencimiento de Cash Back',NULL,2,NULL,NULL,NULL,NULL,NULL,'2022-04-01 07:00:01'),(106155,2801,NULL,'2022-04-01 00:00:01',32891.00,NULL,257.06,NULL,'Vencimiento de Cash Back',NULL,2,NULL,NULL,NULL,NULL,NULL,'2022-04-01 07:00:01'),(106156,3231,NULL,'2022-04-01 00:00:01',30569.00,NULL,0.11,NULL,'Vencimiento de Cash Back',NULL,2,NULL,NULL,NULL,NULL,NULL,'2022-04-01 07:00:01'),(106157,8952,NULL,'2022-04-01 00:00:01',6269.00,NULL,67.96,NULL,'Vencimiento de Cash Back',NULL,2,NULL,NULL,NULL,NULL,NULL,'2022-04-01 07:00:01'),(106158,8247,NULL,'2022-04-01 00:00:01',407.00,NULL,7071.38,NULL,'Vencimiento de Cash Back',NULL,2,NULL,NULL,NULL,NULL,NULL,'2022-04-01 07:00:01'),(106159,599,NULL,'2022-04-01 00:00:01',7166.00,NULL,599.85,NULL,'Vencimiento de Cash Back',NULL,2,NULL,NULL,NULL,NULL,NULL,'2022-04-01 07:00:01'),(106160,2686,NULL,'2022-04-01 00:00:01',7423.00,NULL,447.62,NULL,'Vencimiento de Cash Back',NULL,2,NULL,NULL,NULL,NULL,NULL,'2022-04-01 07:00:01'),(106161,1710,NULL,'2022-04-01 00:00:01',52769.00,NULL,565.50,NULL,'Vencimiento de Cash Back',NULL,2,NULL,NULL,NULL,NULL,NULL,'2022-04-01 07:00:01'),(106162,7945,NULL,'2022-04-01 00:00:01',17298.00,NULL,988.76,NULL,'Vencimiento de Cash Back',NULL,2,NULL,NULL,NULL,NULL,NULL,'2022-04-01 07:00:01'),(106163,3514,NULL,'2022-04-01 00:00:01',8837.00,NULL,906.40,NULL,'Vencimiento de Cash Back',NULL,2,NULL,NULL,NULL,NULL,NULL,'2022-04-01 07:00:01'),(106164,4714,NULL,'2022-04-01 00:00:01',15280.00,NULL,0.49,NULL,'Vencimiento de Cash Back',NULL,2,NULL,NULL,NULL,NULL,NULL,'2022-04-01 07:00:01'),(106165,2944,NULL,'2022-04-01 00:00:01',6943.00,NULL,244.09,NULL,'Vencimiento de Cash Back',NULL,2,NULL,NULL,NULL,NULL,NULL,'2022-04-01 07:00:01'),(106166,13085,NULL,'2022-04-01 00:00:01',50000.00,NULL,0.00,NULL,'Vencimiento de Cash Back',NULL,2,NULL,NULL,NULL,NULL,NULL,'2022-04-01 07:00:01'),(106167,13086,NULL,'2022-04-01 00:00:01',50000.00,NULL,0.00,NULL,'Vencimiento de Cash Back',NULL,2,NULL,NULL,NULL,NULL,NULL,'2022-04-01 07:00:01'),(106168,13087,NULL,'2022-04-01 00:00:01',50000.00,NULL,0.00,NULL,'Vencimiento de Cash Back',NULL,2,NULL,NULL,NULL,NULL,NULL,'2022-04-01 07:00:01'),(106169,13088,NULL,'2022-04-01 00:00:01',50000.00,NULL,0.00,NULL,'Vencimiento de Cash Back',NULL,2,NULL,NULL,NULL,NULL,NULL,'2022-04-01 07:00:01'),(106170,13089,NULL,'2022-04-01 00:00:01',50000.00,NULL,0.00,NULL,'Vencimiento de Cash Back',NULL,2,NULL,NULL,NULL,NULL,NULL,'2022-04-01 07:00:01'),(106171,13090,NULL,'2022-04-01 00:00:01',50000.00,NULL,0.00,NULL,'Vencimiento de Cash Back',NULL,2,NULL,NULL,NULL,NULL,NULL,'2022-04-01 07:00:01'),(106172,13091,NULL,'2022-04-01 00:00:01',50000.00,NULL,0.00,NULL,'Vencimiento de Cash Back',NULL,2,NULL,NULL,NULL,NULL,NULL,'2022-04-01 07:00:01'),(106173,13092,NULL,'2022-04-01 00:00:01',50000.00,NULL,0.00,NULL,'Vencimiento de Cash Back',NULL,2,NULL,NULL,NULL,NULL,NULL,'2022-04-01 07:00:01'),(106174,13093,NULL,'2022-04-01 00:00:01',25000.00,NULL,0.00,NULL,'Vencimiento de Cash Back',NULL,2,NULL,NULL,NULL,NULL,NULL,'2022-04-01 07:00:01'),(106182,13097,NULL,'2022-05-01 00:00:01',10.00,NULL,0.00,NULL,'Vencimiento de Cash Back',NULL,2,NULL,NULL,NULL,NULL,NULL,'2022-05-01 07:00:01'),(106183,13098,NULL,'2022-05-01 00:00:01',1000.00,NULL,0.00,NULL,'Vencimiento de Cash Back',NULL,2,NULL,NULL,NULL,NULL,NULL,'2022-05-01 07:00:01'),(106184,13099,NULL,'2022-05-01 00:00:01',1000.00,NULL,0.00,NULL,'Vencimiento de Cash Back',NULL,2,NULL,NULL,NULL,NULL,NULL,'2022-05-01 07:00:01'),(106185,13100,NULL,'2022-05-01 00:00:01',1000.00,NULL,0.00,NULL,'Vencimiento de Cash Back',NULL,2,NULL,NULL,NULL,NULL,NULL,'2022-05-01 07:00:01'),(106186,13101,NULL,'2022-05-01 00:00:01',1000.00,NULL,0.00,NULL,'Vencimiento de Cash Back',NULL,2,NULL,NULL,NULL,NULL,NULL,'2022-05-01 07:00:01'),(106189,13102,NULL,'2022-06-01 00:00:01',50000.00,NULL,0.00,NULL,'Vencimiento de Cash Back',NULL,2,NULL,NULL,NULL,NULL,NULL,'2022-06-01 07:00:01'),(106190,13103,NULL,'2022-07-01 00:00:01',50000.00,NULL,0.00,NULL,'Vencimiento de Cash Back',NULL,2,NULL,NULL,NULL,NULL,NULL,'2022-07-01 07:00:01');

--
-- Table structure for table `loyalty_zona_restaurante`
--

CREATE TABLE `loyalty_zona_restaurante` (
  `id` int(11) NOT NULL AUTO_INCREMENT,
  `id_restaurante` int(11) NOT NULL,
  `nombre` varchar(100) COLLATE utf8_unicode_ci DEFAULT NULL,
  PRIMARY KEY (`id`),
  KEY `loyalty_zona_restaurante_fk1_idx` (`id_restaurante`),
  CONSTRAINT `loyalty_zona_restaurante_fk1` FOREIGN KEY (`id_restaurante`) REFERENCES `loyalty_restaurante` (`id`) ON DELETE NO ACTION ON UPDATE NO ACTION
) ENGINE=InnoDB AUTO_INCREMENT=15 DEFAULT CHARSET=utf8 COLLATE=utf8_unicode_ci;

--
-- Dumping data for table `loyalty_zona_restaurante`
--

INSERT INTO `loyalty_zona_restaurante` VALUES (1,1,'Terraza'),(2,1,'Salon'),(3,1,'Mesa del Chef'),(4,2,'Terraza'),(5,2,'Terraza natural'),(6,2,'Salones internos'),(7,2,'Cava'),(8,3,'Terraza'),(9,3,'Sala del Chef'),(10,3,'Barra'),(11,3,'Salon'),(12,4,'Barra'),(13,4,'Lunch'),(14,4,'Salon');

--
-- Table structure for table `reporte_mensual`
--

CREATE TABLE `reporte_mensual` (
  `id` int(11) NOT NULL AUTO_INCREMENT,
  `fecha_inicio` date DEFAULT NULL,
  `fecha_fin` date DEFAULT NULL,
  `clientes` float DEFAULT NULL,
  `acumulacion` float DEFAULT NULL,
  `timestamp` timestamp NULL DEFAULT CURRENT_TIMESTAMP,
  PRIMARY KEY (`id`)
) ENGINE=MyISAM AUTO_INCREMENT=4 DEFAULT CHARSET=utf8 COLLATE=utf8_unicode_ci;

--
-- Dumping data for table `reporte_mensual`
--

INSERT INTO `reporte_mensual` VALUES (2,'2017-07-01','2017-07-30',729,6725230,'2017-08-09 01:00:43'),(3,'2017-06-01','2017-06-30',735,5646050,'2017-08-09 01:01:48');

--
-- Table structure for table `reporte_mensual_rest`
--

CREATE TABLE `reporte_mensual_rest` (
  `id` int(11) NOT NULL AUTO_INCREMENT,
  `id_reporte` int(11) DEFAULT NULL,
  `id_restaurante` int(11) DEFAULT NULL,
  `facturacion` float DEFAULT NULL,
  `redencion` float DEFAULT NULL,
  PRIMARY KEY (`id`),
  KEY `fk1_reporte_mensual_rest_idx` (`id_reporte`),
  KEY `fk2_reporte_mensual_rest_idx` (`id_restaurante`)
) ENGINE=MyISAM AUTO_INCREMENT=5 DEFAULT CHARSET=utf8 COLLATE=utf8_unicode_ci;

--
-- Dumping data for table `reporte_mensual_rest`
--

INSERT INTO `reporte_mensual_rest` VALUES (1,2,2,31271300,2623380),(2,2,3,19436400,2081290),(3,3,2,33810800,2970450),(4,3,3,21263400,2098700);

--
-- Table structure for table `res_usuario_restaurante`
--

CREATE TABLE `res_usuario_restaurante` (
  `id_usuario` int(11) NOT NULL,
  `id_restaurante` int(11) NOT NULL,
  PRIMARY KEY (`id_usuario`,`id_restaurante`),
  KEY `res_usuario_restaurante_fk1` (`id_usuario`),
  KEY `res_usuario_restaurante_fk2` (`id_restaurante`),
  CONSTRAINT `res_usuario_restaurante_fk1` FOREIGN KEY (`id_usuario`) REFERENCES `res_usuario` (`id`) ON DELETE NO ACTION ON UPDATE NO ACTION,
  CONSTRAINT `res_usuario_restaurante_fk2` FOREIGN KEY (`id_restaurante`) REFERENCES `loyalty_restaurante` (`id`) ON DELETE NO ACTION ON UPDATE NO ACTION
) ENGINE=InnoDB DEFAULT CHARSET=utf8 COLLATE=utf8_unicode_ci;

--
-- Dumping data for table `res_usuario_restaurante`
--

INSERT INTO `res_usuario_restaurante` VALUES (1,1),(1,2),(1,3),(1,4),(1,5),(2,3),(3,3),(4,2),(5,2),(6,5),(7,1),(7,4),(8,1),(8,4),(9,1),(9,2),(9,3),(9,4),(9,5),(10,1),(10,2),(10,3),(10,4),(10,5),(11,1),(11,2),(11,3),(11,4),(11,5),(12,1),(12,2),(12,3),(12,4),(12,5),(13,5),(14,1),(14,2),(14,3),(14,4),(14,5),(15,1),(16,1),(16,4),(17,2),(18,2),(18,3),(19,2),(20,3);

--
-- Table structure for table `sistema_permiso`
--

CREATE TABLE `sistema_permiso` (
  `id` int(11) NOT NULL AUTO_INCREMENT,
  `id_rol` int(11) NOT NULL,
  `id_modulo` int(11) NOT NULL,
  `id_contenido` int(11) NOT NULL,
  `agregar` int(11) NOT NULL,
  `editar` int(11) NOT NULL,
  `borrar` int(11) NOT NULL,
  PRIMARY KEY (`id`),
  KEY `sistema_permiso_fk1_idx` (`id_rol`),
  KEY `sistema_permiso_fk2_idx` (`id_modulo`),
  KEY `sistema_permiso_fk3_idx` (`id_contenido`),
  CONSTRAINT `sistema_permiso_fk1` FOREIGN KEY (`id_rol`) REFERENCES `sistema_rol` (`id`) ON DELETE CASCADE ON UPDATE NO ACTION,
  CONSTRAINT `sistema_permiso_fk2` FOREIGN KEY (`id_modulo`) REFERENCES `admin_modulo` (`id`) ON DELETE NO ACTION ON UPDATE NO ACTION,
  CONSTRAINT `sistema_permiso_fk3` FOREIGN KEY (`id_contenido`) REFERENCES `admin_contenido` (`id`) ON DELETE NO ACTION ON UPDATE NO ACTION
) ENGINE=InnoDB AUTO_INCREMENT=70 DEFAULT CHARSET=utf8 COLLATE=utf8_unicode_ci AVG_ROW_LENGTH=1;

--
-- Dumping data for table `sistema_permiso`
--

INSERT INTO `sistema_permiso` VALUES (2,1,1,2,1,1,1),(3,1,1,3,1,1,1),(9,1,3,9,1,1,1),(10,1,3,10,1,1,1),(17,1,1,1,1,1,1),(18,1,2,11,1,1,1),(22,1,1,12,1,1,1),(23,1,1,13,1,1,1),(25,1,1,14,1,1,1),(26,1,3,15,1,1,1),(27,1,4,16,1,1,1),(28,1,4,15,1,1,1),(29,1,5,17,1,1,1),(30,1,5,18,1,1,1),(31,1,5,22,1,1,1),(32,3,5,17,1,1,1),(33,3,5,18,1,1,1),(34,3,5,22,1,1,1),(35,1,6,23,1,1,1),(36,1,6,24,1,1,1),(37,3,6,23,1,1,1),(38,3,6,24,1,1,1),(39,4,6,23,1,1,1),(40,1,6,25,1,1,1),(41,3,6,25,1,1,1),(42,3,1,1,1,1,1),(43,1,7,26,1,1,1),(44,3,7,26,1,1,1),(45,5,6,24,1,1,1),(46,6,6,23,1,1,1),(47,6,6,24,1,1,1),(48,6,6,25,1,1,1),(49,6,7,26,1,1,1),(50,4,7,26,1,1,1),(51,7,6,24,1,1,1),(52,7,7,26,1,1,1),(53,8,5,17,1,1,1),(54,8,5,18,1,1,1),(55,8,5,22,1,1,1),(56,8,6,23,1,1,1),(57,8,6,24,1,1,1),(58,8,6,25,1,1,1),(59,8,7,26,1,1,1),(60,9,3,9,1,1,1),(61,9,3,10,1,1,1),(62,9,5,17,1,1,1),(63,9,5,18,1,1,1),(64,9,5,22,1,1,1),(65,9,6,23,1,1,1),(66,9,6,24,1,1,1),(67,9,6,25,1,1,1),(68,9,7,26,1,1,1),(69,10,1,1,1,1,1);

--
-- Table structure for table `sistema_rol`
--

CREATE TABLE `sistema_rol` (
  `id` int(11) NOT NULL AUTO_INCREMENT,
  `nombre` varchar(75) COLLATE utf8_unicode_ci NOT NULL,
  `modulo_default` int(11) DEFAULT NULL,
  PRIMARY KEY (`id`)
) ENGINE=InnoDB AUTO_INCREMENT=11 DEFAULT CHARSET=utf8 COLLATE=utf8_unicode_ci;

--
-- Dumping data for table `sistema_rol`
--

INSERT INTO `sistema_rol` VALUES (1,'xadmin',1),(3,'Admin',5),(4,'Administra afiliados normales',6),(5,'Administra Afiliados Corporativos',6),(6,'Transaccione - Afiliados',7),(7,'Corporativos y Transacciones',6),(8,'Reportes-Afiliados-Transacciones',7),(9,'Reportes - Afiliados - Transacciones - Usuarios',5),(10,'Contenidos',1);

--
-- Table structure for table `usuario_restaurante`
--

CREATE TABLE `usuario_restaurante` (
  `id_usuario` int(11) NOT NULL,
  `id_restaurante` int(11) NOT NULL,
  PRIMARY KEY (`id_usuario`,`id_restaurante`),
  KEY `usuario_restaurante_fk1_idx` (`id_usuario`),
  KEY `loyalty_restaurante_fk2_idx` (`id_restaurante`),
  CONSTRAINT `usuario_restaurante_fk1` FOREIGN KEY (`id_usuario`) REFERENCES `sistema_usuario` (`id`) ON DELETE NO ACTION ON UPDATE NO ACTION,
  CONSTRAINT `usuario_restaurante_fk2` FOREIGN KEY (`id_restaurante`) REFERENCES `loyalty_restaurante` (`id`) ON DELETE NO ACTION ON UPDATE NO ACTION
) ENGINE=InnoDB DEFAULT CHARSET=utf8 COLLATE=utf8_unicode_ci;

--
-- Dumping data for table `usuario_restaurante`
--



